{"id":4401,"date":"2021-12-18T09:15:05","date_gmt":"2021-12-18T09:15:05","guid":{"rendered":"http:\/\/ee.mlfmonde.org\/bata-sogea\/?page_id=4401"},"modified":"2021-12-18T09:29:24","modified_gmt":"2021-12-18T09:29:24","slug":"classe-culturelle-numerique-programmation-2","status":"publish","type":"page","link":"https:\/\/ee.mlfmonde.org\/bata-sogea\/classe-culturelle-numerique-programmation-2\/","title":{"rendered":"Classe Culturelle Num\u00e9rique programmation"},"content":{"rendered":"<div><img fetchpriority=\"high\" decoding=\"async\" class=\"alignright wp-image-4402 size-full\" src=\"http:\/\/ee.mlfmonde.org\/bata-sogea\/wp-content\/uploads\/sites\/16\/2021\/12\/PH1.jpg\" alt=\"\" width=\"491\" height=\"494\" srcset=\"https:\/\/ee.mlfmonde.org\/bata-sogea\/wp-content\/uploads\/sites\/16\/2021\/12\/PH1.jpg 491w, https:\/\/ee.mlfmonde.org\/bata-sogea\/wp-content\/uploads\/sites\/16\/2021\/12\/PH1-150x150.jpg 150w, https:\/\/ee.mlfmonde.org\/bata-sogea\/wp-content\/uploads\/sites\/16\/2021\/12\/PH1-298x300.jpg 298w\" sizes=\"(max-width: 491px) 100vw, 491px\" \/><\/div>\n<div><\/div>\n<div><\/div>\n<div>L\u2019\u00e9cole fran\u00e7aise de Bata s\u2019est de nouveau engag\u00e9e dans un projet de <span style=\"color: #0000ff\"><strong>C<\/strong><\/span>lasse <strong><span style=\"color: #0000ff\">C<\/span><\/strong>ulturelle <strong><span style=\"color: #0000ff\">N<\/span><\/strong>um\u00e9rique (CCN) propos\u00e9 par la Mission la\u00efque fran\u00e7aise, autour de l\u2019apprentissage de la\u00a0programmation\u00a0:<\/div>\n<div>Les \u00e9l\u00e8ves de 6e devront r\u00e9pondre \u00e0 diff\u00e9rentes consignes, tout au long de l\u2019ann\u00e9e scolaire, qui leur permettront de mieux appr\u00e9hender la logique de programmation, \u00e0 partir de l\u2019utilisation du logiciel <strong>Scratch<\/strong>.<\/div>\n<div>\n<p>Ces CCNs s\u2019int\u00e8grent dans le cadre des apprentissages transversaux en permettant, notamment, de travailler les comp\u00e9tences suivantes\u00a0:<\/p>\n<\/div>\n<div><strong>En fran\u00e7ais\u00a0:<\/strong><\/div>\n<div>\u2022 participer \u00e0 des \u00e9changes en respectant les r\u00e8gles de communication.<\/div>\n<div>\n<p>\u2022 s\u2019exprimer, argumenter, \u00e9couter et donner son point de vue.<\/p>\n<\/div>\n<div><strong>En math\u00e9matiques\u00a0:<\/strong><\/div>\n<div>\u2022 organiser des informations et des donn\u00e9es.<\/div>\n<div>\n<p>\u2022 r\u00e9soudre des probl\u00e8mes plus ou moins complexes.<\/p>\n<\/div>\n<div><strong>Autonomie et initiative\u00a0:<\/strong><\/div>\n<div>\u2022 travailler en groupe, s\u2019engager dans un projet.<\/div>\n<div><\/div>\n<div>En d\u00e9cembre, les \u00e9l\u00e8ves ont r\u00e9pondu \u00e0 une premi\u00e8re consigne\u00a0: \u00ab\u2009Entrez dans la danse\u2009!\u2009\u00bb<br \/>\n<strong>Objectif\u00a0:<\/strong> \u00e9crire un premier programme interactif dans lequel au moins deux personnages dansent.<\/div>\n<div><strong><br \/>\nVoici le r\u00e9sultat de ce premier travail, cliquer sur les images pour acc\u00e9der aux programmes r\u00e9alis\u00e9s.<\/strong><\/div>\n<div>\n<table style=\"height: 311px\" width=\"1374\">\n<tbody>\n<tr>\n<td style=\"text-align: center\" width=\"201\">\n<h3>Premi\u00e8re en piste Lisa<\/h3>\n<\/td>\n<td width=\"201\">\n<h3 style=\"text-align: center\">Carlos vient nous donner le tournis<\/h3>\n<\/td>\n<td width=\"201\">\n<h3 style=\"text-align: center\">Puis arrivent Abdoul et ses Bboys<\/h3>\n<\/td>\n<\/tr>\n<tr>\n<td width=\"201\">\n<p style=\"text-align: center\"><a href=\"https:\/\/scratch.mit.edu\/projects\/617826603\"><img decoding=\"async\" class=\"alignnone size-medium wp-image-4409\" src=\"http:\/\/ee.mlfmonde.org\/bata-sogea\/wp-content\/uploads\/sites\/16\/2021\/12\/Lisa-300x221.jpg\" alt=\"\" width=\"300\" height=\"221\" srcset=\"https:\/\/ee.mlfmonde.org\/bata-sogea\/wp-content\/uploads\/sites\/16\/2021\/12\/Lisa-300x221.jpg 300w, https:\/\/ee.mlfmonde.org\/bata-sogea\/wp-content\/uploads\/sites\/16\/2021\/12\/Lisa.jpg 378w\" sizes=\"(max-width: 300px) 100vw, 300px\" \/><\/a><\/p>\n<\/td>\n<td width=\"201\">\n<p style=\"text-align: center\"><a href=\"https:\/\/scratch.mit.edu\/projects\/612727947\"><img decoding=\"async\" class=\"alignnone size-medium wp-image-4410\" src=\"http:\/\/ee.mlfmonde.org\/bata-sogea\/wp-content\/uploads\/sites\/16\/2021\/12\/Carlos-300x222.jpg\" alt=\"\" width=\"300\" height=\"222\" srcset=\"https:\/\/ee.mlfmonde.org\/bata-sogea\/wp-content\/uploads\/sites\/16\/2021\/12\/Carlos-300x222.jpg 300w, https:\/\/ee.mlfmonde.org\/bata-sogea\/wp-content\/uploads\/sites\/16\/2021\/12\/Carlos.jpg 378w\" sizes=\"(max-width: 300px) 100vw, 300px\" \/><\/a><\/p>\n<\/td>\n<td width=\"201\">\n<p style=\"text-align: center\"><a href=\"https:\/\/scratch.mit.edu\/projects\/612718188\"><img loading=\"lazy\" decoding=\"async\" class=\"alignnone size-medium wp-image-4411\" src=\"http:\/\/ee.mlfmonde.org\/bata-sogea\/wp-content\/uploads\/sites\/16\/2021\/12\/Abdoul-300x224.jpg\" alt=\"\" width=\"300\" height=\"224\" srcset=\"https:\/\/ee.mlfmonde.org\/bata-sogea\/wp-content\/uploads\/sites\/16\/2021\/12\/Abdoul-300x224.jpg 300w, https:\/\/ee.mlfmonde.org\/bata-sogea\/wp-content\/uploads\/sites\/16\/2021\/12\/Abdoul.jpg 378w\" sizes=\"(max-width: 300px) 100vw, 300px\" \/><\/a><\/p>\n<\/td>\n<\/tr>\n<\/tbody>\n<\/table>\n<\/div>\n","protected":false},"excerpt":{"rendered":"<p>L\u2019\u00e9cole fran\u00e7aise de Bata s\u2019est de nouveau engag\u00e9e dans un projet de Classe Culturelle Num\u00e9rique (CCN) propos\u00e9 par la Mission la\u00efque fran\u00e7aise, autour de l\u2019apprentissage de la\u00a0programmation\u00a0: Les \u00e9l\u00e8ves de 6e devront r\u00e9pondre \u00e0 diff\u00e9rentes consignes, tout au long de l\u2019ann\u00e9e scolaire, qui leur permettront de mieux appr\u00e9hender la logique de programmation, \u00e0 partir de [&hellip;]<\/p>\n","protected":false},"author":115,"featured_media":0,"parent":0,"menu_order":0,"comment_status":"closed","ping_status":"closed","template":"","meta":{"_acf_changed":false,"footnotes":""},"class_list":["post-4401","page","type-page","status-publish","czr-hentry"],"acf":[],"_links":{"self":[{"href":"https:\/\/ee.mlfmonde.org\/bata-sogea\/wp-json\/wp\/v2\/pages\/4401","targetHints":{"allow":["GET"]}}],"collection":[{"href":"https:\/\/ee.mlfmonde.org\/bata-sogea\/wp-json\/wp\/v2\/pages"}],"about":[{"href":"https:\/\/ee.mlfmonde.org\/bata-sogea\/wp-json\/wp\/v2\/types\/page"}],"author":[{"embeddable":true,"href":"https:\/\/ee.mlfmonde.org\/bata-sogea\/wp-json\/wp\/v2\/users\/115"}],"replies":[{"embeddable":true,"href":"https:\/\/ee.mlfmonde.org\/bata-sogea\/wp-json\/wp\/v2\/comments?post=4401"}],"version-history":[{"count":5,"href":"https:\/\/ee.mlfmonde.org\/bata-sogea\/wp-json\/wp\/v2\/pages\/4401\/revisions"}],"predecessor-version":[{"id":4413,"href":"https:\/\/ee.mlfmonde.org\/bata-sogea\/wp-json\/wp\/v2\/pages\/4401\/revisions\/4413"}],"wp:attachment":[{"href":"https:\/\/ee.mlfmonde.org\/bata-sogea\/wp-json\/wp\/v2\/media?parent=4401"}],"curies":[{"name":"wp","href":"https:\/\/api.w.org\/{rel}","templated":true}]}}