{"id":3400,"date":"2020-10-21T19:30:28","date_gmt":"2020-10-21T19:30:28","guid":{"rendered":"http:\/\/ee.mlfmonde.org\/bata-sogea\/?page_id=3400"},"modified":"2020-10-23T06:20:49","modified_gmt":"2020-10-23T06:20:49","slug":"festimaj-2020","status":"publish","type":"page","link":"https:\/\/ee.mlfmonde.org\/bata-sogea\/festimaj-2020\/","title":{"rendered":"Festival FESTIMAJ \u00e0 l&rsquo;\u00e9cole fran\u00e7aise de Bata du 3 au 21 novembre 2020"},"content":{"rendered":"<table>\n<tbody>\n<tr>\n<td width=\"302\"><img fetchpriority=\"high\" decoding=\"async\" class=\"aligncenter wp-image-3414 size-full\" src=\"http:\/\/ee.mlfmonde.org\/bata-sogea\/wp-content\/uploads\/sites\/16\/2020\/10\/Affiche-festimage-2020-bis.jpg\" alt=\"\" width=\"405\" height=\"150\" srcset=\"https:\/\/ee.mlfmonde.org\/bata-sogea\/wp-content\/uploads\/sites\/16\/2020\/10\/Affiche-festimage-2020-bis.jpg 405w, https:\/\/ee.mlfmonde.org\/bata-sogea\/wp-content\/uploads\/sites\/16\/2020\/10\/Affiche-festimage-2020-bis-300x111.jpg 300w\" sizes=\"(max-width: 405px) 100vw, 405px\" \/><\/p>\n<p>L\u2019\u00e9cole fran\u00e7aise de Bata participe au festival mondial du film d&rsquo;\u00e9cole en tant que\u00a0<strong>comp\u00e9titrice<\/strong>, avec la pr\u00e9sentation de son court-m\u00e9trage\u00a0<a href=\"https:\/\/www.youtube.com\/watch?v=yue26gTCZEQ\"><strong><em>Le Bon et le M\u00e9chant<\/em><\/strong><\/a>.<br \/>\nNotre film a \u00e9t\u00e9 s\u00e9lectionn\u00e9 pour concourir dans la cat\u00e9gorie : \u00e9l\u00e9mentaire.<\/p>\n<p>L\u2019\u00e9tablissement participe \u00e9galement \u00e0 ce festival, en tant que\u00a0<strong>coorganisateur<\/strong>, en diffusant les films s\u00e9lectionn\u00e9s et en permettant aux \u00e9l\u00e8ves de maternelle, \u00e9l\u00e9mentaire et secondaire, de voter pour les meilleures r\u00e9alisations.<\/p>\n<p><strong>Liste des courts-m\u00e9trages s\u00e9lectionn\u00e9s<\/strong>\u00a0<strong>\u00e0 FESTIMAJ 2020<\/strong> : <a href=\"http:\/\/ee.mlfmonde.org\/bata-sogea\/wp-content\/uploads\/sites\/16\/2020\/10\/Films-s\u00e9lectionn\u00e9s-Festimaj-2020.pdf\">ici<\/a><\/p>\n<p><strong>En savoir plus sur ce festival<\/strong> :\u00a0<a href=\"https:\/\/www.festimaj.fr\/\" target=\"_blank\" rel=\"noopener\">ici<\/a><\/td>\n<td width=\"227\">\n<h3 style=\"text-align: center\"><strong>Bande-annonce<\/strong><\/h3>\n<p style=\"text-align: center\"><div class=\"su-vimeo su-u-responsive-media-no\"><iframe width=\"600\" height=\"400\" src=\"\/\/player.vimeo.com\/video\/398261855?title=0&amp;byline=0&amp;portrait=0&amp;color=ffffff&amp;autoplay=0&amp;dnt=0&amp;muted=0&amp;texttrack=\" frameborder=\"0\" allow=\"autoplay; fullscreen\" allowfullscreen title=\"\"><\/iframe><\/div>\n<\/td>\n<\/tr>\n<\/tbody>\n<\/table>\n","protected":false},"excerpt":{"rendered":"<p>L\u2019\u00e9cole fran\u00e7aise de Bata participe au festival mondial du film d&rsquo;\u00e9cole en tant que\u00a0comp\u00e9titrice, avec la pr\u00e9sentation de son court-m\u00e9trage\u00a0Le Bon et le M\u00e9chant. Notre film a \u00e9t\u00e9 s\u00e9lectionn\u00e9 pour concourir dans la cat\u00e9gorie : \u00e9l\u00e9mentaire. L\u2019\u00e9tablissement participe \u00e9galement \u00e0 ce festival, en tant que\u00a0coorganisateur, en diffusant les films s\u00e9lectionn\u00e9s et en permettant aux \u00e9l\u00e8ves [&hellip;]<\/p>\n","protected":false},"author":115,"featured_media":0,"parent":0,"menu_order":0,"comment_status":"closed","ping_status":"closed","template":"","meta":{"_acf_changed":false,"footnotes":""},"class_list":["post-3400","page","type-page","status-publish","czr-hentry"],"acf":[],"_links":{"self":[{"href":"https:\/\/ee.mlfmonde.org\/bata-sogea\/wp-json\/wp\/v2\/pages\/3400","targetHints":{"allow":["GET"]}}],"collection":[{"href":"https:\/\/ee.mlfmonde.org\/bata-sogea\/wp-json\/wp\/v2\/pages"}],"about":[{"href":"https:\/\/ee.mlfmonde.org\/bata-sogea\/wp-json\/wp\/v2\/types\/page"}],"author":[{"embeddable":true,"href":"https:\/\/ee.mlfmonde.org\/bata-sogea\/wp-json\/wp\/v2\/users\/115"}],"replies":[{"embeddable":true,"href":"https:\/\/ee.mlfmonde.org\/bata-sogea\/wp-json\/wp\/v2\/comments?post=3400"}],"version-history":[{"count":18,"href":"https:\/\/ee.mlfmonde.org\/bata-sogea\/wp-json\/wp\/v2\/pages\/3400\/revisions"}],"predecessor-version":[{"id":3409,"href":"https:\/\/ee.mlfmonde.org\/bata-sogea\/wp-json\/wp\/v2\/pages\/3400\/revisions\/3409"}],"wp:attachment":[{"href":"https:\/\/ee.mlfmonde.org\/bata-sogea\/wp-json\/wp\/v2\/media?parent=3400"}],"curies":[{"name":"wp","href":"https:\/\/api.w.org\/{rel}","templated":true}]}}