{"id":2730,"date":"2019-05-15T08:55:16","date_gmt":"2019-05-15T08:55:16","guid":{"rendered":"http:\/\/ee.mlfmonde.org\/bata-sogea\/?page_id=2730"},"modified":"2019-05-16T14:26:40","modified_gmt":"2019-05-16T14:26:40","slug":"festimaj-2019","status":"publish","type":"page","link":"https:\/\/ee.mlfmonde.org\/bata-sogea\/festimaj-2019\/","title":{"rendered":"FESTIMAJ 2019"},"content":{"rendered":"<p><img fetchpriority=\"high\" decoding=\"async\" class=\"wp-image-2734 size-full alignright\" src=\"http:\/\/ee.mlfmonde.org\/bata-sogea\/wp-content\/uploads\/sites\/16\/2019\/05\/Affiche.-festimaj-2019.jpg\" alt=\"\" width=\"756\" height=\"287\" srcset=\"https:\/\/ee.mlfmonde.org\/bata-sogea\/wp-content\/uploads\/sites\/16\/2019\/05\/Affiche.-festimaj-2019.jpg 756w, https:\/\/ee.mlfmonde.org\/bata-sogea\/wp-content\/uploads\/sites\/16\/2019\/05\/Affiche.-festimaj-2019-300x114.jpg 300w\" sizes=\"(max-width: 756px) 100vw, 756px\" \/><\/p>\n<p>Dans le cadre du festival mondial du film d\u2019\u00e9cole FESTIMAJ, 129 films ont \u00e9t\u00e9 pr\u00e9s\u00e9lectionn\u00e9s sur les quelques 407 r\u00e9alisations adress\u00e9es au jury, par de nombreux \u00e9tablissements scolaires internationaux.<\/p>\n<p>Notre court-m\u00e9trage <strong><em>Voyage \u00e0 Cannes, <\/em><\/strong>figure parmi les films retenus pour participer au festival, dans la cat\u00e9gorie\u00a0\u00ab\u00a0coll\u00e8ge\u00a0\u00bb.<\/p>\n<p>Voil\u00e0, une belle reconnaissance du travail accompli par nos \u00e9l\u00e8ves, sous la direction de Gerard Bessoko, notre animateur p\u00e9riscolaire \u00ab\u00a0cin\u00e9ma\u00a0\u00bb.<\/p>\n<p>Il s&rsquo;agit l\u00e0 d&rsquo;un doubl\u00e9, puisque pour la deuxi\u00e8me ann\u00e9e cons\u00e9cutive, l\u2019\u00e9cole fran\u00e7aise de Bata repr\u00e9sentera la Guin\u00e9e \u00e9quatoriale, lors de ce festival international du court-m\u00e9trage.<\/p>\n<p>Pour rappel, nos deux films pr\u00e9c\u00e9dents, \u00a0<em>L\u2019histoire de Kalvin<\/em> et\u00a0<em>Le poil de la moustache du tigre<\/em>, pr\u00e9sent\u00e9s lors de l&rsquo;\u00e9dition 2018, avaient remport\u00e9 le prix du public, dans leur cat\u00e9gorie respective.<\/p>\n<p>Souhaitons la m\u00eame r\u00e9ussite \u00e0\u00a0notre r\u00e9alisation 2018-2019 !<\/p>\n<p>Dans le courant du mois de juin, nos \u00e9l\u00e8ves visionneront et voteront pour les meilleurs films des cat\u00e9gories \u00ab\u00a0maternelle\u00a0\u00bb, \u00ab\u00a0\u00e9l\u00e9mentaire\u00a0\u00bb et \u00ab\u00a0coll\u00e8ge\u00a0\u00bb. Le choix du public sera pris en compte par le jury du festival dans l&rsquo;attribution des prix.<\/p>\n<p>T\u00e9l\u00e9charger : <a href=\"http:\/\/ee.mlfmonde.org\/bata-sogea\/wp-content\/uploads\/sites\/16\/2019\/05\/Films-s%C3%A9lectionn%C3%A9s-Festimaj-2019.pdf\" target=\"_blank\" rel=\"noopener\">la\u00a0liste des films s\u00e9lectionn\u00e9s<\/a><\/p>\n<table>\n<tbody>\n<tr>\n<td width=\"215\">\n<h3><strong>Le teaser du festival\u00a0<\/strong><\/h3>\n<\/td>\n<td width=\"399\">\n<p style=\"text-align: left\"><div class=\"su-vimeo su-u-responsive-media-no\"><iframe width=\"600\" height=\"400\" src=\"\/\/player.vimeo.com\/video\/326636327?title=0&amp;byline=0&amp;portrait=0&amp;color=ffffff&amp;autoplay=0&amp;dnt=0&amp;muted=0&amp;texttrack=\" frameborder=\"0\" allow=\"autoplay; fullscreen\" allowfullscreen title=\"\"><\/iframe><\/div>\n<\/td>\n<\/tr>\n<\/tbody>\n<\/table>\n<p style=\"text-align: left\">Se rendre sur le <a href=\"https:\/\/www.festimaj.fr\/\" target=\"_blank\" rel=\"noopener\">site internet FESTIMAJ<\/a><\/p>\n","protected":false},"excerpt":{"rendered":"<p>Dans le cadre du festival mondial du film d\u2019\u00e9cole FESTIMAJ, 129 films ont \u00e9t\u00e9 pr\u00e9s\u00e9lectionn\u00e9s sur les quelques 407 r\u00e9alisations adress\u00e9es au jury, par de nombreux \u00e9tablissements scolaires internationaux. Notre court-m\u00e9trage Voyage \u00e0 Cannes, figure parmi les films retenus pour participer au festival, dans la cat\u00e9gorie\u00a0\u00ab\u00a0coll\u00e8ge\u00a0\u00bb. Voil\u00e0, une belle reconnaissance du travail accompli par nos [&hellip;]<\/p>\n","protected":false},"author":115,"featured_media":0,"parent":0,"menu_order":0,"comment_status":"closed","ping_status":"closed","template":"","meta":{"_acf_changed":false,"footnotes":""},"class_list":["post-2730","page","type-page","status-publish","czr-hentry"],"acf":[],"_links":{"self":[{"href":"https:\/\/ee.mlfmonde.org\/bata-sogea\/wp-json\/wp\/v2\/pages\/2730","targetHints":{"allow":["GET"]}}],"collection":[{"href":"https:\/\/ee.mlfmonde.org\/bata-sogea\/wp-json\/wp\/v2\/pages"}],"about":[{"href":"https:\/\/ee.mlfmonde.org\/bata-sogea\/wp-json\/wp\/v2\/types\/page"}],"author":[{"embeddable":true,"href":"https:\/\/ee.mlfmonde.org\/bata-sogea\/wp-json\/wp\/v2\/users\/115"}],"replies":[{"embeddable":true,"href":"https:\/\/ee.mlfmonde.org\/bata-sogea\/wp-json\/wp\/v2\/comments?post=2730"}],"version-history":[{"count":17,"href":"https:\/\/ee.mlfmonde.org\/bata-sogea\/wp-json\/wp\/v2\/pages\/2730\/revisions"}],"predecessor-version":[{"id":2762,"href":"https:\/\/ee.mlfmonde.org\/bata-sogea\/wp-json\/wp\/v2\/pages\/2730\/revisions\/2762"}],"wp:attachment":[{"href":"https:\/\/ee.mlfmonde.org\/bata-sogea\/wp-json\/wp\/v2\/media?parent=2730"}],"curies":[{"name":"wp","href":"https:\/\/api.w.org\/{rel}","templated":true}]}}