{"id":2714,"date":"2019-04-24T14:11:24","date_gmt":"2019-04-24T14:11:24","guid":{"rendered":"http:\/\/ee.mlfmonde.org\/bata-sogea\/?page_id=2714"},"modified":"2019-04-24T14:31:39","modified_gmt":"2019-04-24T14:31:39","slug":"activite-periscolaire-poterie","status":"publish","type":"page","link":"https:\/\/ee.mlfmonde.org\/bata-sogea\/activite-periscolaire-poterie\/","title":{"rendered":"Activit\u00e9 p\u00e9riscolaire poterie"},"content":{"rendered":"<p>&nbsp;<\/p>\n<table>\n<tbody>\n<tr>\n<td width=\"205\">\n<p style=\"text-align: center\"><strong>\u00a0<img fetchpriority=\"high\" decoding=\"async\" class=\"alignnone wp-image-2723 size-full\" src=\"http:\/\/ee.mlfmonde.org\/bata-sogea\/wp-content\/uploads\/sites\/16\/2019\/04\/ph2.jpg\" alt=\"\" width=\"378\" height=\"383\" srcset=\"https:\/\/ee.mlfmonde.org\/bata-sogea\/wp-content\/uploads\/sites\/16\/2019\/04\/ph2.jpg 378w, https:\/\/ee.mlfmonde.org\/bata-sogea\/wp-content\/uploads\/sites\/16\/2019\/04\/ph2-296x300.jpg 296w\" sizes=\"(max-width: 378px) 100vw, 378px\" \/><\/strong><\/p>\n<\/td>\n<td width=\"205\">\n<p style=\"text-align: left\">Pendant quelques semaines, les \u00e9l\u00e8ves de MS-GS-CP inscrits \u00e0 l\u2019atelier poterie ont model\u00e9 de la p\u00e2te puis de la terre.<\/p>\n<p>Patience de rigueur\u00a0: s\u00e9chage, peinture et vernissage avant de pouvoir emmener son oeuvre d\u2019art \u00e0 la maison\u2026<\/p>\n<p>Succ\u00e8s garanti\u00a0!<\/p>\n<p><img decoding=\"async\" class=\"alignnone wp-image-2724 size-full\" src=\"http:\/\/ee.mlfmonde.org\/bata-sogea\/wp-content\/uploads\/sites\/16\/2019\/04\/ph1.jpg\" alt=\"\" width=\"378\" height=\"270\" srcset=\"https:\/\/ee.mlfmonde.org\/bata-sogea\/wp-content\/uploads\/sites\/16\/2019\/04\/ph1.jpg 378w, https:\/\/ee.mlfmonde.org\/bata-sogea\/wp-content\/uploads\/sites\/16\/2019\/04\/ph1-300x214.jpg 300w\" sizes=\"(max-width: 378px) 100vw, 378px\" \/><\/td>\n<td width=\"205\">\n<p style=\"text-align: center\"><strong>\u00a0<img decoding=\"async\" class=\"alignnone wp-image-2725 size-full\" src=\"http:\/\/ee.mlfmonde.org\/bata-sogea\/wp-content\/uploads\/sites\/16\/2019\/04\/ph3.jpg\" alt=\"\" width=\"378\" height=\"311\" srcset=\"https:\/\/ee.mlfmonde.org\/bata-sogea\/wp-content\/uploads\/sites\/16\/2019\/04\/ph3.jpg 378w, https:\/\/ee.mlfmonde.org\/bata-sogea\/wp-content\/uploads\/sites\/16\/2019\/04\/ph3-300x247.jpg 300w\" sizes=\"(max-width: 378px) 100vw, 378px\" \/><\/strong><\/p>\n<\/td>\n<\/tr>\n<\/tbody>\n<\/table>\n","protected":false},"excerpt":{"rendered":"<p>&nbsp; \u00a0 Pendant quelques semaines, les \u00e9l\u00e8ves de MS-GS-CP inscrits \u00e0 l\u2019atelier poterie ont model\u00e9 de la p\u00e2te puis de la terre. Patience de rigueur\u00a0: s\u00e9chage, peinture et vernissage avant de pouvoir emmener son oeuvre d\u2019art \u00e0 la maison\u2026 Succ\u00e8s garanti\u00a0! \u00a0<\/p>\n","protected":false},"author":115,"featured_media":0,"parent":0,"menu_order":0,"comment_status":"closed","ping_status":"closed","template":"","meta":{"_acf_changed":false,"footnotes":""},"class_list":["post-2714","page","type-page","status-publish","czr-hentry"],"acf":[],"_links":{"self":[{"href":"https:\/\/ee.mlfmonde.org\/bata-sogea\/wp-json\/wp\/v2\/pages\/2714","targetHints":{"allow":["GET"]}}],"collection":[{"href":"https:\/\/ee.mlfmonde.org\/bata-sogea\/wp-json\/wp\/v2\/pages"}],"about":[{"href":"https:\/\/ee.mlfmonde.org\/bata-sogea\/wp-json\/wp\/v2\/types\/page"}],"author":[{"embeddable":true,"href":"https:\/\/ee.mlfmonde.org\/bata-sogea\/wp-json\/wp\/v2\/users\/115"}],"replies":[{"embeddable":true,"href":"https:\/\/ee.mlfmonde.org\/bata-sogea\/wp-json\/wp\/v2\/comments?post=2714"}],"version-history":[{"count":3,"href":"https:\/\/ee.mlfmonde.org\/bata-sogea\/wp-json\/wp\/v2\/pages\/2714\/revisions"}],"predecessor-version":[{"id":2726,"href":"https:\/\/ee.mlfmonde.org\/bata-sogea\/wp-json\/wp\/v2\/pages\/2714\/revisions\/2726"}],"wp:attachment":[{"href":"https:\/\/ee.mlfmonde.org\/bata-sogea\/wp-json\/wp\/v2\/media?parent=2714"}],"curies":[{"name":"wp","href":"https:\/\/api.w.org\/{rel}","templated":true}]}}