{"id":2650,"date":"2019-04-08T08:54:54","date_gmt":"2019-04-08T08:54:54","guid":{"rendered":"http:\/\/ee.mlfmonde.org\/bata-sogea\/?page_id=2650"},"modified":"2019-04-10T05:51:19","modified_gmt":"2019-04-10T05:51:19","slug":"tournoi-inter-ecoles-de-basket","status":"publish","type":"page","link":"https:\/\/ee.mlfmonde.org\/bata-sogea\/tournoi-inter-ecoles-de-basket\/","title":{"rendered":"Championnat inter-\u00e9coles de basket"},"content":{"rendered":"<p><img fetchpriority=\"high\" decoding=\"async\" class=\"wp-image-2651 alignright\" src=\"http:\/\/ee.mlfmonde.org\/bata-sogea\/wp-content\/uploads\/sites\/16\/2019\/04\/Photo1.jpg\" alt=\"\" width=\"605\" height=\"449\" srcset=\"https:\/\/ee.mlfmonde.org\/bata-sogea\/wp-content\/uploads\/sites\/16\/2019\/04\/Photo1.jpg 605w, https:\/\/ee.mlfmonde.org\/bata-sogea\/wp-content\/uploads\/sites\/16\/2019\/04\/Photo1-300x223.jpg 300w\" sizes=\"(max-width: 605px) 100vw, 605px\" \/>Ce dimanche 07-04-19, les \u00e9l\u00e8ves de CM \u00e0 5<sup>\u00e8me<\/sup>\u00a0ont particip\u00e9 \u00e0 la journ\u00e9e d&rsquo;inauguration du championnat inter-\u00e9coles de basket, en partenariat avec la fondation Martinez et la f\u00e9d\u00e9ration \u00e9quato-guin\u00e9enne de basket.<\/p>\n<p>A cette occasion, nos \u00e9l\u00e8ves ont pu rencontrer leurs adversaires, assister \u00e0 la c\u00e9r\u00e9monie de pr\u00e9sentation des \u00e9quipes et participer \u00e0 une s\u00e9rie d&rsquo;activit\u00e9s ludiques et de mise en jambe, avant d&rsquo;attaquer le tournoi.<\/p>\n<p>Le directeur g\u00e9n\u00e9ral du groupe Matinez a salu\u00e9 les \u00e9quipes et a encourag\u00e9 les joueurs \u00e0 conserver un esprit sportif, lors de cette comp\u00e9tition.<\/p>\n<p>Ce championnat opposera huit \u00e9tablissements scolaires de Bata, sur le terrain de basket couvert du complexe sportif de Nkoatoma.<\/p>\n<p>Les \u00e9coles en comp\u00e9tition : MLF-SOGEA SATOM, BISILA, BILINGUE CONCEPTION, ECO DEL FUTURO, MELFISA, ESCOLAPIOS, CUNINOS et DOCTOR PASCUAL MICHA.<\/p>\n<p>Afin d&rsquo;aider nos \u00e9l\u00e8ves \u00e0 se perfectionner, un entra\u00eeneur de la f\u00e9d\u00e9ration nationale de basket, animera les entra\u00eenements, lors des activit\u00e9s p\u00e9riscolaires ainsi qu&rsquo;en EPS.<\/p>\n<p>Les parents d&rsquo;\u00e9l\u00e8ves sont naturellement convi\u00e9s \u00e0 venir encourager notre \u00e9quipe, lors des matchs.<\/p>\n<p><strong>Calendrier du championnat <\/strong>:\u00a027-04-19 ; 12-05-19 ; 19-05-19 ; 26-05-19 ; 01-06-19 ; 09-06-19 ; 15-06-19. A partir de 9h.<\/p>\n\n\t\t<style type=\"text\/css\">\n\t\t\t#gallery-1 {\n\t\t\t\tmargin: auto;\n\t\t\t}\n\t\t\t#gallery-1 .gallery-item {\n\t\t\t\tfloat: left;\n\t\t\t\tmargin-top: 10px;\n\t\t\t\ttext-align: center;\n\t\t\t\twidth: 33%;\n\t\t\t}\n\t\t\t#gallery-1 img {\n\t\t\t\tborder: 2px solid #cfcfcf;\n\t\t\t}\n\t\t\t#gallery-1 .gallery-caption {\n\t\t\t\tmargin-left: 0;\n\t\t\t}\n\t\t\t\/* see gallery_shortcode() in wp-includes\/media.php *\/\n\t\t<\/style>\n\t\t<div id='gallery-1' class='gallery galleryid-2650 gallery-columns-3 gallery-size-thumbnail'><dl class='gallery-item'>\n\t\t\t<dt class='gallery-icon landscape'>\n\t\t\t\t<a class=\"grouped_elements\" rel=\"tc-fancybox-group\" href=\"https:\/\/ee.mlfmonde.org\/bata-sogea\/wp-content\/uploads\/sites\/16\/2019\/04\/L\u00e9quipe-MLF-SOGEA-SATOM-pr\u00eate-\u00e0-d\u00e9filer.jpg\" title=\"L&#039;\u00e9quipe MLF-SOGEA SATOM pr\u00eate \u00e0 d\u00e9filer\"><img decoding=\"async\" width=\"150\" height=\"150\" src=\"https:\/\/ee.mlfmonde.org\/bata-sogea\/wp-content\/uploads\/sites\/16\/2019\/04\/L\u00e9quipe-MLF-SOGEA-SATOM-pr\u00eate-\u00e0-d\u00e9filer-150x150.jpg\" class=\"attachment-thumbnail size-thumbnail\" alt=\"\" \/><\/a>\n\t\t\t<\/dt><\/dl><dl class='gallery-item'>\n\t\t\t<dt class='gallery-icon landscape'>\n\t\t\t\t<a class=\"grouped_elements\" rel=\"tc-fancybox-group\" href=\"https:\/\/ee.mlfmonde.org\/bata-sogea\/wp-content\/uploads\/sites\/16\/2019\/04\/D\u00e9fil\u00e9.jpg\" title=\"D\u00e9fil\u00e9\"><img decoding=\"async\" width=\"150\" height=\"150\" src=\"https:\/\/ee.mlfmonde.org\/bata-sogea\/wp-content\/uploads\/sites\/16\/2019\/04\/D\u00e9fil\u00e9-150x150.jpg\" class=\"attachment-thumbnail size-thumbnail\" alt=\"\" \/><\/a>\n\t\t\t<\/dt><\/dl><dl class='gallery-item'>\n\t\t\t<dt class='gallery-icon landscape'>\n\t\t\t\t<a class=\"grouped_elements\" rel=\"tc-fancybox-group\" href=\"https:\/\/ee.mlfmonde.org\/bata-sogea\/wp-content\/uploads\/sites\/16\/2019\/04\/S\u00e9ance-photo-des-\u00e9quipes.jpg\" title=\"S\u00e9ance photo des \u00e9quipes\"><img loading=\"lazy\" decoding=\"async\" width=\"150\" height=\"150\" src=\"https:\/\/ee.mlfmonde.org\/bata-sogea\/wp-content\/uploads\/sites\/16\/2019\/04\/S\u00e9ance-photo-des-\u00e9quipes-150x150.jpg\" class=\"attachment-thumbnail size-thumbnail\" alt=\"\" \/><\/a>\n\t\t\t<\/dt><\/dl><br style=\"clear: both\" \/><dl class='gallery-item'>\n\t\t\t<dt class='gallery-icon landscape'>\n\t\t\t\t<a class=\"grouped_elements\" rel=\"tc-fancybox-group\" href=\"https:\/\/ee.mlfmonde.org\/bata-sogea\/wp-content\/uploads\/sites\/16\/2019\/04\/Photo-de-groupe.jpg\" title=\"Photo de groupe\"><img loading=\"lazy\" decoding=\"async\" width=\"150\" height=\"150\" src=\"https:\/\/ee.mlfmonde.org\/bata-sogea\/wp-content\/uploads\/sites\/16\/2019\/04\/Photo-de-groupe-150x150.jpg\" class=\"attachment-thumbnail size-thumbnail\" alt=\"\" \/><\/a>\n\t\t\t<\/dt><\/dl><dl class='gallery-item'>\n\t\t\t<dt class='gallery-icon landscape'>\n\t\t\t\t<a class=\"grouped_elements\" rel=\"tc-fancybox-group\" href=\"https:\/\/ee.mlfmonde.org\/bata-sogea\/wp-content\/uploads\/sites\/16\/2019\/04\/Le-DG-du-groupe-Martinez-encourage-les-\u00e9quipes.jpg\" title=\"Le DG du groupe Martinez encourage les \u00e9quipes\"><img loading=\"lazy\" decoding=\"async\" width=\"150\" height=\"150\" src=\"https:\/\/ee.mlfmonde.org\/bata-sogea\/wp-content\/uploads\/sites\/16\/2019\/04\/Le-DG-du-groupe-Martinez-encourage-les-\u00e9quipes-150x150.jpg\" class=\"attachment-thumbnail size-thumbnail\" alt=\"\" \/><\/a>\n\t\t\t<\/dt><\/dl><dl class='gallery-item'>\n\t\t\t<dt class='gallery-icon landscape'>\n\t\t\t\t<a class=\"grouped_elements\" rel=\"tc-fancybox-group\" href=\"https:\/\/ee.mlfmonde.org\/bata-sogea\/wp-content\/uploads\/sites\/16\/2019\/04\/Echauffement.jpg\" title=\"Echauffement\"><img loading=\"lazy\" decoding=\"async\" width=\"150\" height=\"150\" src=\"https:\/\/ee.mlfmonde.org\/bata-sogea\/wp-content\/uploads\/sites\/16\/2019\/04\/Echauffement-150x150.jpg\" class=\"attachment-thumbnail size-thumbnail\" alt=\"\" \/><\/a>\n\t\t\t<\/dt><\/dl><br style=\"clear: both\" \/><dl class='gallery-item'>\n\t\t\t<dt class='gallery-icon landscape'>\n\t\t\t\t<a class=\"grouped_elements\" rel=\"tc-fancybox-group\" href=\"https:\/\/ee.mlfmonde.org\/bata-sogea\/wp-content\/uploads\/sites\/16\/2019\/04\/L\u00e2ch\u00e9-de-ballons.jpg\" title=\"L\u00e2ch\u00e9 de ballons\"><img loading=\"lazy\" decoding=\"async\" width=\"150\" height=\"150\" src=\"https:\/\/ee.mlfmonde.org\/bata-sogea\/wp-content\/uploads\/sites\/16\/2019\/04\/L\u00e2ch\u00e9-de-ballons-150x150.jpg\" class=\"attachment-thumbnail size-thumbnail\" alt=\"\" \/><\/a>\n\t\t\t<\/dt><\/dl><dl class='gallery-item'>\n\t\t\t<dt class='gallery-icon portrait'>\n\t\t\t\t<a class=\"grouped_elements\" rel=\"tc-fancybox-group\" href=\"https:\/\/ee.mlfmonde.org\/bata-sogea\/wp-content\/uploads\/sites\/16\/2019\/04\/Asil-et-Monika-remportent-un-lot.jpg\" title=\"Asil et Monika remportent un lot\"><img loading=\"lazy\" decoding=\"async\" width=\"150\" height=\"150\" src=\"https:\/\/ee.mlfmonde.org\/bata-sogea\/wp-content\/uploads\/sites\/16\/2019\/04\/Asil-et-Monika-remportent-un-lot-150x150.jpg\" class=\"attachment-thumbnail size-thumbnail\" alt=\"\" \/><\/a>\n\t\t\t<\/dt><\/dl><dl class='gallery-item'>\n\t\t\t<dt class='gallery-icon landscape'>\n\t\t\t\t<a class=\"grouped_elements\" rel=\"tc-fancybox-group\" href=\"https:\/\/ee.mlfmonde.org\/bata-sogea\/wp-content\/uploads\/sites\/16\/2019\/04\/Manohy-et-Yohann-remportent-un-lot.jpg\" title=\"Manohy et Yohann remportent un lot\"><img loading=\"lazy\" decoding=\"async\" width=\"150\" height=\"150\" src=\"https:\/\/ee.mlfmonde.org\/bata-sogea\/wp-content\/uploads\/sites\/16\/2019\/04\/Manohy-et-Yohann-remportent-un-lot-150x150.jpg\" class=\"attachment-thumbnail size-thumbnail\" alt=\"\" \/><\/a>\n\t\t\t<\/dt><\/dl><br style=\"clear: both\" \/>\n\t\t<\/div>\n\n","protected":false},"excerpt":{"rendered":"<p>Ce dimanche 07-04-19, les \u00e9l\u00e8ves de CM \u00e0 5\u00e8me\u00a0ont particip\u00e9 \u00e0 la journ\u00e9e d&rsquo;inauguration du championnat inter-\u00e9coles de basket, en partenariat avec la fondation Martinez et la f\u00e9d\u00e9ration \u00e9quato-guin\u00e9enne de basket. A cette occasion, nos \u00e9l\u00e8ves ont pu rencontrer leurs adversaires, assister \u00e0 la c\u00e9r\u00e9monie de pr\u00e9sentation des \u00e9quipes et participer \u00e0 une s\u00e9rie d&rsquo;activit\u00e9s [&hellip;]<\/p>\n","protected":false},"author":115,"featured_media":0,"parent":0,"menu_order":0,"comment_status":"closed","ping_status":"closed","template":"","meta":{"_acf_changed":false,"footnotes":""},"class_list":["post-2650","page","type-page","status-publish","czr-hentry"],"acf":[],"_links":{"self":[{"href":"https:\/\/ee.mlfmonde.org\/bata-sogea\/wp-json\/wp\/v2\/pages\/2650","targetHints":{"allow":["GET"]}}],"collection":[{"href":"https:\/\/ee.mlfmonde.org\/bata-sogea\/wp-json\/wp\/v2\/pages"}],"about":[{"href":"https:\/\/ee.mlfmonde.org\/bata-sogea\/wp-json\/wp\/v2\/types\/page"}],"author":[{"embeddable":true,"href":"https:\/\/ee.mlfmonde.org\/bata-sogea\/wp-json\/wp\/v2\/users\/115"}],"replies":[{"embeddable":true,"href":"https:\/\/ee.mlfmonde.org\/bata-sogea\/wp-json\/wp\/v2\/comments?post=2650"}],"version-history":[{"count":13,"href":"https:\/\/ee.mlfmonde.org\/bata-sogea\/wp-json\/wp\/v2\/pages\/2650\/revisions"}],"predecessor-version":[{"id":2693,"href":"https:\/\/ee.mlfmonde.org\/bata-sogea\/wp-json\/wp\/v2\/pages\/2650\/revisions\/2693"}],"wp:attachment":[{"href":"https:\/\/ee.mlfmonde.org\/bata-sogea\/wp-json\/wp\/v2\/media?parent=2650"}],"curies":[{"name":"wp","href":"https:\/\/api.w.org\/{rel}","templated":true}]}}