{"id":2307,"date":"2019-02-08T18:11:28","date_gmt":"2019-02-08T18:11:28","guid":{"rendered":"http:\/\/ee.mlfmonde.org\/bata-sogea\/?page_id=2307"},"modified":"2019-02-09T12:33:18","modified_gmt":"2019-02-09T12:33:18","slug":"notre-adaptation-du-conte-le-violon-magique-bientot-sur-vos-ecrans","status":"publish","type":"page","link":"https:\/\/ee.mlfmonde.org\/bata-sogea\/notre-adaptation-du-conte-le-violon-magique-bientot-sur-vos-ecrans\/","title":{"rendered":"Notre adaptation du conte \u00ab\u00a0Le violon magique\u00a0\u00bb bient\u00f4t sur vos \u00e9crans"},"content":{"rendered":"<table style=\"height: 478px\" width=\"1124\">\n<tbody>\n<tr>\n<td width=\"307\">L\u2019adaptation du conte\u00a0<em><strong>Le violon magique,<\/strong><\/em>\u00a0en spectacle de marionnettes, touche \u00e0 sa fin. Apr\u00e8s avoir travaill\u00e9 le texte du conte, enregistr\u00e9 la bande son du film, r\u00e9alis\u00e9 les d\u00e9cors et fabriqu\u00e9 les marionnettes des personnages de l\u2019histoire, les \u00e9l\u00e8ves de CE1, CE2 et CM1 s\u2019attaquent \u00e0 pr\u00e9sent \u00e0 la derni\u00e8re \u00e9tape du projet\u00a0: la manipulation des marionnettes sous l\u2019objectif de la cam\u00e9ra.<\/p>\n<p><strong>Le d\u00e9but de l&rsquo;histoire en quelques mots :<\/strong><\/p>\n<p>Apr\u00e8s son mariage, un jeune paysan d\u00e9cide de partir en voyage de noces avec sa bien-aim\u00e9e. Avant de partir, le jeune mari\u00e9 confie ses terres \u00e0 ses cousins et ses cousines. Ceux-ci lui promettent d&rsquo;en prendre soin comme les leurs&#8230;<br \/>\nBien des ann\u00e9es plus tard, lorsque le paysan revient enfin au pays, ses cousins<br \/>\net ses cousines imaginent un mauvais tour pour ne pas lui rendre ses terres. Heureusement, comme le dit le vieil adage : bien mal acquis ne profite jamais !<\/p>\n<p>La suite de l&rsquo;histoire est \u00e0 d\u00e9couvrir, lors de la projection du <strong><em>Violon magique<\/em><\/strong>, \u00e0 l\u2019occasion de la f\u00eate de la Francophonie, le 23 mars 2019.<\/td>\n<td width=\"307\"><img fetchpriority=\"high\" decoding=\"async\" class=\"alignnone wp-image-2340 size-full\" src=\"http:\/\/ee.mlfmonde.org\/bata-sogea\/wp-content\/uploads\/sites\/16\/2019\/02\/Marionnettes.jpg\" alt=\"\" width=\"709\" height=\"340\" srcset=\"https:\/\/ee.mlfmonde.org\/bata-sogea\/wp-content\/uploads\/sites\/16\/2019\/02\/Marionnettes.jpg 709w, https:\/\/ee.mlfmonde.org\/bata-sogea\/wp-content\/uploads\/sites\/16\/2019\/02\/Marionnettes-300x144.jpg 300w\" sizes=\"(max-width: 709px) 100vw, 709px\" \/><\/td>\n<\/tr>\n<\/tbody>\n<\/table>\n<p><strong>Galerie<\/strong>\u00a0<strong>photo<\/strong>\u00a0: cliquer sur l\u2019une des miniatures, ci-dessous, puis faire d\u00e9filer les photos en taille r\u00e9elle.<\/p>\n\n\t\t<style type=\"text\/css\">\n\t\t\t#gallery-1 {\n\t\t\t\tmargin: auto;\n\t\t\t}\n\t\t\t#gallery-1 .gallery-item {\n\t\t\t\tfloat: left;\n\t\t\t\tmargin-top: 10px;\n\t\t\t\ttext-align: center;\n\t\t\t\twidth: 25%;\n\t\t\t}\n\t\t\t#gallery-1 img {\n\t\t\t\tborder: 2px solid #cfcfcf;\n\t\t\t}\n\t\t\t#gallery-1 .gallery-caption {\n\t\t\t\tmargin-left: 0;\n\t\t\t}\n\t\t\t\/* see gallery_shortcode() in wp-includes\/media.php *\/\n\t\t<\/style>\n\t\t<div id='gallery-1' class='gallery galleryid-2307 gallery-columns-4 gallery-size-thumbnail'><dl class='gallery-item'>\n\t\t\t<dt class='gallery-icon landscape'>\n\t\t\t\t<a class=\"grouped_elements\" rel=\"tc-fancybox-group\" href=\"https:\/\/ee.mlfmonde.org\/bata-sogea\/wp-content\/uploads\/sites\/16\/2019\/02\/Photo-mario.jpg\" title=\"modelage des marionnettes\"><img decoding=\"async\" width=\"150\" height=\"150\" src=\"https:\/\/ee.mlfmonde.org\/bata-sogea\/wp-content\/uploads\/sites\/16\/2019\/02\/Photo-mario-150x150.jpg\" class=\"attachment-thumbnail size-thumbnail\" alt=\"\" \/><\/a>\n\t\t\t<\/dt>\n\t\t\t\t<dd class='wp-caption-text gallery-caption' id='gallery-1-2326'>\n\t\t\t\tModelage des marionnettes\n\t\t\t\t<\/dd><\/dl><dl class='gallery-item'>\n\t\t\t<dt class='gallery-icon landscape'>\n\t\t\t\t<a class=\"grouped_elements\" rel=\"tc-fancybox-group\" href=\"https:\/\/ee.mlfmonde.org\/bata-sogea\/wp-content\/uploads\/sites\/16\/2019\/02\/Peinture.jpg\" title=\"Peinture des marionnettes\"><img decoding=\"async\" width=\"150\" height=\"150\" src=\"https:\/\/ee.mlfmonde.org\/bata-sogea\/wp-content\/uploads\/sites\/16\/2019\/02\/Peinture-150x150.jpg\" class=\"attachment-thumbnail size-thumbnail\" alt=\"\" \/><\/a>\n\t\t\t<\/dt>\n\t\t\t\t<dd class='wp-caption-text gallery-caption' id='gallery-1-2325'>\n\t\t\t\tPeinture des marionnettes\n\t\t\t\t<\/dd><\/dl><dl class='gallery-item'>\n\t\t\t<dt class='gallery-icon landscape'>\n\t\t\t\t<a class=\"grouped_elements\" rel=\"tc-fancybox-group\" href=\"https:\/\/ee.mlfmonde.org\/bata-sogea\/wp-content\/uploads\/sites\/16\/2019\/02\/Collage.jpg\" title=\"Collage des yeux et des cheveux\"><img loading=\"lazy\" decoding=\"async\" width=\"150\" height=\"150\" src=\"https:\/\/ee.mlfmonde.org\/bata-sogea\/wp-content\/uploads\/sites\/16\/2019\/02\/Collage-150x150.jpg\" class=\"attachment-thumbnail size-thumbnail\" alt=\"\" \/><\/a>\n\t\t\t<\/dt>\n\t\t\t\t<dd class='wp-caption-text gallery-caption' id='gallery-1-2321'>\n\t\t\t\tCollage des yeux et des cheveux\n\t\t\t\t<\/dd><\/dl><dl class='gallery-item'>\n\t\t\t<dt class='gallery-icon landscape'>\n\t\t\t\t<a class=\"grouped_elements\" rel=\"tc-fancybox-group\" href=\"https:\/\/ee.mlfmonde.org\/bata-sogea\/wp-content\/uploads\/sites\/16\/2019\/02\/Guy-le-long-Marianne-et-le-cur\u00e9.jpg\" title=\"Guy-le-long, Marianne et le cur\u00e9\"><img loading=\"lazy\" decoding=\"async\" width=\"150\" height=\"150\" src=\"https:\/\/ee.mlfmonde.org\/bata-sogea\/wp-content\/uploads\/sites\/16\/2019\/02\/Guy-le-long-Marianne-et-le-cur\u00e9-150x150.jpg\" class=\"attachment-thumbnail size-thumbnail\" alt=\"\" \/><\/a>\n\t\t\t<\/dt>\n\t\t\t\t<dd class='wp-caption-text gallery-caption' id='gallery-1-2323'>\n\t\t\t\tGuy-le-long, Marianne et le cur\u00e9\n\t\t\t\t<\/dd><\/dl><br style=\"clear: both\" \/><dl class='gallery-item'>\n\t\t\t<dt class='gallery-icon landscape'>\n\t\t\t\t<a class=\"grouped_elements\" rel=\"tc-fancybox-group\" href=\"https:\/\/ee.mlfmonde.org\/bata-sogea\/wp-content\/uploads\/sites\/16\/2019\/02\/Eglise.jpg\" title=\"Eglise\"><img loading=\"lazy\" decoding=\"async\" width=\"150\" height=\"150\" src=\"https:\/\/ee.mlfmonde.org\/bata-sogea\/wp-content\/uploads\/sites\/16\/2019\/02\/Eglise-150x150.jpg\" class=\"attachment-thumbnail size-thumbnail\" alt=\"\" \/><\/a>\n\t\t\t<\/dt>\n\t\t\t\t<dd class='wp-caption-text gallery-caption' id='gallery-1-2322'>\n\t\t\t\tL&rsquo;\u00e9glise\n\t\t\t\t<\/dd><\/dl><dl class='gallery-item'>\n\t\t\t<dt class='gallery-icon landscape'>\n\t\t\t\t<a class=\"grouped_elements\" rel=\"tc-fancybox-group\" href=\"https:\/\/ee.mlfmonde.org\/bata-sogea\/wp-content\/uploads\/sites\/16\/2019\/02\/Maison.jpg\" title=\"d\u00e9cor d&#039;int\u00e9rieur\"><img loading=\"lazy\" decoding=\"async\" width=\"150\" height=\"150\" src=\"https:\/\/ee.mlfmonde.org\/bata-sogea\/wp-content\/uploads\/sites\/16\/2019\/02\/Maison-150x150.jpg\" class=\"attachment-thumbnail size-thumbnail\" alt=\"\" \/><\/a>\n\t\t\t<\/dt>\n\t\t\t\t<dd class='wp-caption-text gallery-caption' id='gallery-1-2324'>\n\t\t\t\tD\u00e9cor d&rsquo;int\u00e9rieur\n\t\t\t\t<\/dd><\/dl><dl class='gallery-item'>\n\t\t\t<dt class='gallery-icon landscape'>\n\t\t\t\t<a class=\"grouped_elements\" rel=\"tc-fancybox-group\" href=\"https:\/\/ee.mlfmonde.org\/bata-sogea\/wp-content\/uploads\/sites\/16\/2019\/02\/Champs.jpg\" title=\"d\u00e9cor champ\u00eatre\"><img loading=\"lazy\" decoding=\"async\" width=\"150\" height=\"150\" src=\"https:\/\/ee.mlfmonde.org\/bata-sogea\/wp-content\/uploads\/sites\/16\/2019\/02\/Champs-150x150.jpg\" class=\"attachment-thumbnail size-thumbnail\" alt=\"\" \/><\/a>\n\t\t\t<\/dt>\n\t\t\t\t<dd class='wp-caption-text gallery-caption' id='gallery-1-2320'>\n\t\t\t\tD\u00e9cor champ\u00eatre\n\t\t\t\t<\/dd><\/dl><dl class='gallery-item'>\n\t\t\t<dt class='gallery-icon landscape'>\n\t\t\t\t<a class=\"grouped_elements\" rel=\"tc-fancybox-group\" href=\"https:\/\/ee.mlfmonde.org\/bata-sogea\/wp-content\/uploads\/sites\/16\/2019\/02\/Village.jpg\" title=\"Place du village\"><img loading=\"lazy\" decoding=\"async\" width=\"150\" height=\"150\" src=\"https:\/\/ee.mlfmonde.org\/bata-sogea\/wp-content\/uploads\/sites\/16\/2019\/02\/Village-150x150.jpg\" class=\"attachment-thumbnail size-thumbnail\" alt=\"\" \/><\/a>\n\t\t\t<\/dt>\n\t\t\t\t<dd class='wp-caption-text gallery-caption' id='gallery-1-2327'>\n\t\t\t\tPlace du village\n\t\t\t\t<\/dd><\/dl><br style=\"clear: both\" \/>\n\t\t<\/div>\n\n","protected":false},"excerpt":{"rendered":"<p>L\u2019adaptation du conte\u00a0Le violon magique,\u00a0en spectacle de marionnettes, touche \u00e0 sa fin. Apr\u00e8s avoir travaill\u00e9 le texte du conte, enregistr\u00e9 la bande son du film, r\u00e9alis\u00e9 les d\u00e9cors et fabriqu\u00e9 les marionnettes des personnages de l\u2019histoire, les \u00e9l\u00e8ves de CE1, CE2 et CM1 s\u2019attaquent \u00e0 pr\u00e9sent \u00e0 la derni\u00e8re \u00e9tape du projet\u00a0: la manipulation des [&hellip;]<\/p>\n","protected":false},"author":115,"featured_media":0,"parent":0,"menu_order":0,"comment_status":"closed","ping_status":"closed","template":"","meta":{"_acf_changed":false,"footnotes":""},"class_list":["post-2307","page","type-page","status-publish","czr-hentry"],"acf":[],"_links":{"self":[{"href":"https:\/\/ee.mlfmonde.org\/bata-sogea\/wp-json\/wp\/v2\/pages\/2307","targetHints":{"allow":["GET"]}}],"collection":[{"href":"https:\/\/ee.mlfmonde.org\/bata-sogea\/wp-json\/wp\/v2\/pages"}],"about":[{"href":"https:\/\/ee.mlfmonde.org\/bata-sogea\/wp-json\/wp\/v2\/types\/page"}],"author":[{"embeddable":true,"href":"https:\/\/ee.mlfmonde.org\/bata-sogea\/wp-json\/wp\/v2\/users\/115"}],"replies":[{"embeddable":true,"href":"https:\/\/ee.mlfmonde.org\/bata-sogea\/wp-json\/wp\/v2\/comments?post=2307"}],"version-history":[{"count":19,"href":"https:\/\/ee.mlfmonde.org\/bata-sogea\/wp-json\/wp\/v2\/pages\/2307\/revisions"}],"predecessor-version":[{"id":2343,"href":"https:\/\/ee.mlfmonde.org\/bata-sogea\/wp-json\/wp\/v2\/pages\/2307\/revisions\/2343"}],"wp:attachment":[{"href":"https:\/\/ee.mlfmonde.org\/bata-sogea\/wp-json\/wp\/v2\/media?parent=2307"}],"curies":[{"name":"wp","href":"https:\/\/api.w.org\/{rel}","templated":true}]}}