{"id":2283,"date":"2019-02-07T12:00:45","date_gmt":"2019-02-07T12:00:45","guid":{"rendered":"http:\/\/ee.mlfmonde.org\/bata-sogea\/?page_id=2283"},"modified":"2019-02-09T06:18:40","modified_gmt":"2019-02-09T06:18:40","slug":"debut-de-tournage-du-court-metrage-voyage-a-cannes","status":"publish","type":"page","link":"https:\/\/ee.mlfmonde.org\/bata-sogea\/debut-de-tournage-du-court-metrage-voyage-a-cannes\/","title":{"rendered":"D\u00e9but de tournage de notre court-m\u00e9trage \u00ab\u00a0Voyage \u00e0 Cannes\u00a0\u00bb"},"content":{"rendered":"<table>\n<tbody>\n<tr>\n<td width=\"307\"><strong><em>Voyage \u00e0 Cannes<\/em><\/strong> est le titre du court-m\u00e9trage r\u00e9alis\u00e9 par les \u00e9l\u00e8ves de l&rsquo;\u00e9cole fran\u00e7aise de\u00a0Bata,\u00a0dans le cadre de leur activit\u00e9 p\u00e9riscolaire cin\u00e9ma, anim\u00e9e par G\u00e9rard Bessoko et Vanina Engonga.<\/p>\n<p>C&rsquo;est l&rsquo;histoire d&rsquo;Alima, une jeune orpheline recueillie par sa tante. Tandis que ses cousines vont \u00e0 l&rsquo;\u00e9cole, sa m\u00e8re adoptive oblige Alima \u00e0 arpenter les rues de la ville pour vendre des beignets&#8230;<\/p>\n<p>Heureusement, le destin de la jeune fille va finir par lui sourire, le jour o\u00f9 elle pousse la grille de l&rsquo;\u00e9cole fran\u00e7aise de Bata, pour y vendre ses beignets&#8230;<\/p>\n<p>La suite de l&rsquo;histoire est \u00e0 d\u00e9couvrir, lors de la projection de <strong><em>Voyage \u00e0 Cannes<\/em><\/strong>, \u00e0 l&rsquo;occasion de la f\u00eate de la Francophonie, le 23 mars 2019.<\/p>\n<p>Pour l&rsquo;heure, les \u00e9l\u00e8ves de CE2, CM1 et CM2 et l&rsquo;\u00e9quipe technique sont dans le rush du tournage.\u00a0 Bonne chance \u00e0 eux !<\/td>\n<td width=\"307\"><img fetchpriority=\"high\" decoding=\"async\" class=\"wp-image-2287 aligncenter\" src=\"http:\/\/ee.mlfmonde.org\/bata-sogea\/wp-content\/uploads\/sites\/16\/2019\/02\/Voyage-\u00e0-Canne1.jpg\" alt=\"\" width=\"502\" height=\"414\" srcset=\"https:\/\/ee.mlfmonde.org\/bata-sogea\/wp-content\/uploads\/sites\/16\/2019\/02\/Voyage-\u00e0-Canne1.jpg 425w, https:\/\/ee.mlfmonde.org\/bata-sogea\/wp-content\/uploads\/sites\/16\/2019\/02\/Voyage-\u00e0-Canne1-300x248.jpg 300w\" sizes=\"(max-width: 502px) 100vw, 502px\" \/><\/td>\n<\/tr>\n<\/tbody>\n<\/table>\n<p>&nbsp;<\/p>\n","protected":false},"excerpt":{"rendered":"<p>Voyage \u00e0 Cannes est le titre du court-m\u00e9trage r\u00e9alis\u00e9 par les \u00e9l\u00e8ves de l&rsquo;\u00e9cole fran\u00e7aise de\u00a0Bata,\u00a0dans le cadre de leur activit\u00e9 p\u00e9riscolaire cin\u00e9ma, anim\u00e9e par G\u00e9rard Bessoko et Vanina Engonga. C&rsquo;est l&rsquo;histoire d&rsquo;Alima, une jeune orpheline recueillie par sa tante. Tandis que ses cousines vont \u00e0 l&rsquo;\u00e9cole, sa m\u00e8re adoptive oblige Alima \u00e0 arpenter les [&hellip;]<\/p>\n","protected":false},"author":115,"featured_media":0,"parent":0,"menu_order":0,"comment_status":"closed","ping_status":"closed","template":"","meta":{"_acf_changed":false,"footnotes":""},"class_list":["post-2283","page","type-page","status-publish","czr-hentry"],"acf":[],"_links":{"self":[{"href":"https:\/\/ee.mlfmonde.org\/bata-sogea\/wp-json\/wp\/v2\/pages\/2283","targetHints":{"allow":["GET"]}}],"collection":[{"href":"https:\/\/ee.mlfmonde.org\/bata-sogea\/wp-json\/wp\/v2\/pages"}],"about":[{"href":"https:\/\/ee.mlfmonde.org\/bata-sogea\/wp-json\/wp\/v2\/types\/page"}],"author":[{"embeddable":true,"href":"https:\/\/ee.mlfmonde.org\/bata-sogea\/wp-json\/wp\/v2\/users\/115"}],"replies":[{"embeddable":true,"href":"https:\/\/ee.mlfmonde.org\/bata-sogea\/wp-json\/wp\/v2\/comments?post=2283"}],"version-history":[{"count":22,"href":"https:\/\/ee.mlfmonde.org\/bata-sogea\/wp-json\/wp\/v2\/pages\/2283\/revisions"}],"predecessor-version":[{"id":2339,"href":"https:\/\/ee.mlfmonde.org\/bata-sogea\/wp-json\/wp\/v2\/pages\/2283\/revisions\/2339"}],"wp:attachment":[{"href":"https:\/\/ee.mlfmonde.org\/bata-sogea\/wp-json\/wp\/v2\/media?parent=2283"}],"curies":[{"name":"wp","href":"https:\/\/api.w.org\/{rel}","templated":true}]}}