{"id":2274,"date":"2019-01-26T12:11:12","date_gmt":"2019-01-26T12:11:12","guid":{"rendered":"http:\/\/ee.mlfmonde.org\/bata-sogea\/?page_id=2274"},"modified":"2019-03-26T13:07:40","modified_gmt":"2019-03-26T13:07:40","slug":"les-ce1-ce2-nous-offrent-un-debut-de-tour-du-monde-en-chanson","status":"publish","type":"page","link":"https:\/\/ee.mlfmonde.org\/bata-sogea\/les-ce1-ce2-nous-offrent-un-debut-de-tour-du-monde-en-chanson\/","title":{"rendered":"Les CE1-CE2 nous offrent un d\u00e9but de tour du monde en chansons"},"content":{"rendered":"<table>\n<tbody>\n<tr>\n<td width=\"307\"><img fetchpriority=\"high\" decoding=\"async\" class=\"wp-image-2236 size-full alignnone\" src=\"http:\/\/ee.mlfmonde.org\/bata-sogea\/wp-content\/uploads\/sites\/16\/2019\/01\/Amawole.jpg\" alt=\"\" width=\"567\" height=\"270\" srcset=\"https:\/\/ee.mlfmonde.org\/bata-sogea\/wp-content\/uploads\/sites\/16\/2019\/01\/Amawole.jpg 567w, https:\/\/ee.mlfmonde.org\/bata-sogea\/wp-content\/uploads\/sites\/16\/2019\/01\/Amawole-300x143.jpg 300w\" sizes=\"(max-width: 567px) 100vw, 567px\" \/><\/td>\n<td width=\"307\">\n<p style=\"text-align: center\"><strong>Amawole<\/strong><\/p>\n<p>Dans le cadre de notre voyage autour du monde, les \u00e9l\u00e8ves de CE1 et CE2 sont partis en R\u00e9publique d\u00e9mocratique du Congo, pays de Priscillia, et ont appris quelques bases de lingala gr\u00e2ce \u00e0 la chanson \u00ab\u00a0Amawole\u00a0\u00bb.<\/p>\n<p style=\"text-align: center\"><em><strong>Amawole, amawole, amawole<\/strong><\/em><strong><em><br \/>\nAmawole, amawole, amawole<br \/>\nAmawole, amawole eh eh eh amawole<br \/>\nAmawole, amawole eh eh eh amawole<br \/>\nKintela Kintela a nga nalela soso<br \/>\nKintela a nga nalela kokooioko<br \/>\nKintela a nga nalela soso<br \/>\nKintela a nga nalela kokooioko<\/em><\/strong><\/p>\n<\/td>\n<\/tr>\n<\/tbody>\n<\/table>\n<!--[if lt IE 9]><script>document.createElement('audio');<\/script><![endif]-->\n<audio class=\"wp-audio-shortcode\" id=\"audio-2274-1\" preload=\"none\" style=\"width: 100%;\" controls=\"controls\"><source type=\"audio\/mpeg\" src=\"http:\/\/ee.mlfmonde.org\/bata-sogea\/wp-content\/uploads\/sites\/16\/2019\/01\/Amawole.mp3?_=1\" \/><a href=\"http:\/\/ee.mlfmonde.org\/bata-sogea\/wp-content\/uploads\/sites\/16\/2019\/01\/Amawole.mp3\">http:\/\/ee.mlfmonde.org\/bata-sogea\/wp-content\/uploads\/sites\/16\/2019\/01\/Amawole.mp3<\/a><\/audio>\n<table>\n<tbody>\n<tr>\n<td width=\"307\">\n<p style=\"text-align: center\"><strong>Diarra loro lora<\/strong><\/p>\n<p>Les \u00e9l\u00e8ves de CE1 et CE2 continuent leur tour du monde et les voici au Burkina Faso, pays d\u2019Evan. Apr\u00e8s avoir \u00e9tudi\u00e9 les instruments et les chants traditionnels, les voici pr\u00eats \u00e0 chanter en dioula, gr\u00e2ce \u00e0 la chanson \u00ab\u00a0Diarra loro lora\u00a0\u00bb (Le march\u00e9 des lions est l\u00e0).<\/p>\n<p style=\"text-align: center\"><em><strong>Diarra loro lora<\/strong><br \/>\n<strong>Diantissera diarrala<\/strong><br \/>\n<strong>Diarra loro lora<\/strong><br \/>\n<strong>Diantissera diarrala<br \/>\n<\/strong><br \/>\n<strong>H\u00e9 sourougou loro lora<\/strong><br \/>\n<strong>Diantissera diarrala<\/strong><br \/>\n<strong>H\u00e9 sourougou loro lora<\/strong><br \/>\n<strong>Diantissera diarrala<\/strong><\/em><\/p>\n<\/td>\n<td width=\"307\">\n<p style=\"text-align: center\"><img decoding=\"async\" class=\"alignnone wp-image-2233 size-full aligncenter\" src=\"http:\/\/ee.mlfmonde.org\/bata-sogea\/wp-content\/uploads\/sites\/16\/2019\/01\/CE1-CE2-chanson.jpg\" alt=\"\" width=\"567\" height=\"306\" srcset=\"https:\/\/ee.mlfmonde.org\/bata-sogea\/wp-content\/uploads\/sites\/16\/2019\/01\/CE1-CE2-chanson.jpg 567w, https:\/\/ee.mlfmonde.org\/bata-sogea\/wp-content\/uploads\/sites\/16\/2019\/01\/CE1-CE2-chanson-300x162.jpg 300w\" sizes=\"(max-width: 567px) 100vw, 567px\" \/><a href=\"https:\/\/youtu.be\/yUAJGqjbOaw\" target=\"_blank\" rel=\"noopener\"><strong>Voir la vid\u00e9o<\/strong><\/a><\/p>\n<\/td>\n<\/tr>\n<\/tbody>\n<\/table>\n","protected":false},"excerpt":{"rendered":"<p>Amawole Dans le cadre de notre voyage autour du monde, les \u00e9l\u00e8ves de CE1 et CE2 sont partis en R\u00e9publique d\u00e9mocratique du Congo, pays de Priscillia, et ont appris quelques bases de lingala gr\u00e2ce \u00e0 la chanson \u00ab\u00a0Amawole\u00a0\u00bb. Amawole, amawole, amawole Amawole, amawole, amawole Amawole, amawole eh eh eh amawole Amawole, amawole eh eh eh [&hellip;]<\/p>\n","protected":false},"author":115,"featured_media":0,"parent":0,"menu_order":0,"comment_status":"closed","ping_status":"closed","template":"","meta":{"_acf_changed":false,"footnotes":""},"class_list":["post-2274","page","type-page","status-publish","czr-hentry"],"acf":[],"_links":{"self":[{"href":"https:\/\/ee.mlfmonde.org\/bata-sogea\/wp-json\/wp\/v2\/pages\/2274","targetHints":{"allow":["GET"]}}],"collection":[{"href":"https:\/\/ee.mlfmonde.org\/bata-sogea\/wp-json\/wp\/v2\/pages"}],"about":[{"href":"https:\/\/ee.mlfmonde.org\/bata-sogea\/wp-json\/wp\/v2\/types\/page"}],"author":[{"embeddable":true,"href":"https:\/\/ee.mlfmonde.org\/bata-sogea\/wp-json\/wp\/v2\/users\/115"}],"replies":[{"embeddable":true,"href":"https:\/\/ee.mlfmonde.org\/bata-sogea\/wp-json\/wp\/v2\/comments?post=2274"}],"version-history":[{"count":3,"href":"https:\/\/ee.mlfmonde.org\/bata-sogea\/wp-json\/wp\/v2\/pages\/2274\/revisions"}],"predecessor-version":[{"id":2587,"href":"https:\/\/ee.mlfmonde.org\/bata-sogea\/wp-json\/wp\/v2\/pages\/2274\/revisions\/2587"}],"wp:attachment":[{"href":"https:\/\/ee.mlfmonde.org\/bata-sogea\/wp-json\/wp\/v2\/media?parent=2274"}],"curies":[{"name":"wp","href":"https:\/\/api.w.org\/{rel}","templated":true}]}}