{"id":2243,"date":"2019-01-25T07:53:17","date_gmt":"2019-01-25T07:53:17","guid":{"rendered":"http:\/\/ee.mlfmonde.org\/bata-sogea\/?page_id=2243"},"modified":"2019-01-25T08:39:31","modified_gmt":"2019-01-25T08:39:31","slug":"les-marmitons-de-gs-cp-satellent-a-la-galette-des-rois","status":"publish","type":"page","link":"https:\/\/ee.mlfmonde.org\/bata-sogea\/les-marmitons-de-gs-cp-satellent-a-la-galette-des-rois\/","title":{"rendered":"Les marmitons de GS-CP s&rsquo;attellent \u00e0 la galette des rois"},"content":{"rendered":"<table>\n<tbody>\n<tr>\n<td width=\"307\">En ce mois de janvier, les \u00e9l\u00e8ves de la classe de GS\/CP ont tir\u00e9 les rois et d\u00e9couvert ou red\u00e9couvert la traditionnelle galette des rois \u00e0 la cr\u00e8me d\u2019amandes.<\/p>\n<p>Joli moment de convivialit\u00e9 racont\u00e9 en dict\u00e9e \u00e0 l\u2019adulte par les \u00e9l\u00e8ves de GS, et \u00e0 l\u2019\u00e9crit pour les \u00e9l\u00e8ves de CP.<\/p>\n<p><em>Jeudi 10 janvier 2019, nous avons pr\u00e9par\u00e9 une galette des rois. Nous avons regard\u00e9 et lu la recette.\u00a0\u00a0 <\/em><\/p>\n<p><em>&#8211; Nous avons \u00e9tal\u00e9 deux p\u00e2tes feuillet\u00e9es.<br \/>\n<\/em><em>&#8211; Dans un saladier, nous avons m\u00e9lang\u00e9 des oeufs, du sucre, de la poudre d\u2019amandes et du beurre en petits morceaux.<br \/>\n<\/em><em>&#8211; Nous avons mis la pr\u00e9paration sur la p\u00e2te feuillet\u00e9e et plac\u00e9 la f\u00e8ve (un haricot\u00a0!).<br \/>\n<\/em><em>&#8211; Nous avons mis l\u2019autre p\u00e2te pour fermer la galette.<br \/>\n<\/em><em>&#8211; Nous avons cuit la galette\u00a0: elle \u00e9tait dor\u00e9e marron\u2026<\/em><\/p>\n<p><em>Nous avons fabriqu\u00e9 des couronnes, nous les avons d\u00e9cor\u00e9es avec du graphisme et des gommettes.<\/em><\/p>\n<p><em>Vendredi 12 janvier, nous avons d\u00e9gust\u00e9 la galette, c\u2019\u00e9tait d\u00e9licieux\u00a0! Th\u00e9th\u00e9 a eu la f\u00e8ve, elle a choisi un roi\u00a0: Bryan. V<\/em><em>ive le roi\u00a0! Vive la reine\u00a0!<\/em><\/p>\n<p><em>\u00ab\u00a0On a fait une galette.\u00a0\u00bb <strong>Moussa<\/strong><br \/>\n<\/em><em>\u00ab\u00a0On a m\u00e9lang\u00e9 du sucre, des oeufs et de la poudre d\u2019amandes.\u00a0\u00bb <strong>Bryan<\/strong><br \/>\n<\/em><em>\u00ab\u00a0On a mang\u00e9 la galette.\u00a0\u00bb <strong>Amalia<\/strong><br \/>\n<\/em><em>\u00ab\u00a0 On a mang\u00e9 la galette et Th\u00e9th\u00e9 est la reine\u00a0!\u00a0\u00bb <strong>Maria<\/strong><\/em><\/td>\n<td width=\"307\"><img fetchpriority=\"high\" decoding=\"async\" class=\"wp-image-2244 size-full aligncenter\" src=\"http:\/\/ee.mlfmonde.org\/bata-sogea\/wp-content\/uploads\/sites\/16\/2019\/01\/La-reine-a-choisi-son-roi.jpg\" alt=\"\" width=\"567\" height=\"442\" srcset=\"https:\/\/ee.mlfmonde.org\/bata-sogea\/wp-content\/uploads\/sites\/16\/2019\/01\/La-reine-a-choisi-son-roi.jpg 567w, https:\/\/ee.mlfmonde.org\/bata-sogea\/wp-content\/uploads\/sites\/16\/2019\/01\/La-reine-a-choisi-son-roi-300x234.jpg 300w\" sizes=\"(max-width: 567px) 100vw, 567px\" \/><\/p>\n<p>&nbsp;<\/td>\n<\/tr>\n<\/tbody>\n<\/table>\n<p><strong>Galerie<\/strong>\u00a0<strong>photo<\/strong>\u00a0: cliquer sur l\u2019une des miniatures, ci-dessous, puis faire d\u00e9filer les photos en taille r\u00e9elle.<\/p>\n\n\t\t<style type=\"text\/css\">\n\t\t\t#gallery-1 {\n\t\t\t\tmargin: auto;\n\t\t\t}\n\t\t\t#gallery-1 .gallery-item {\n\t\t\t\tfloat: left;\n\t\t\t\tmargin-top: 10px;\n\t\t\t\ttext-align: center;\n\t\t\t\twidth: 25%;\n\t\t\t}\n\t\t\t#gallery-1 img {\n\t\t\t\tborder: 2px solid #cfcfcf;\n\t\t\t}\n\t\t\t#gallery-1 .gallery-caption {\n\t\t\t\tmargin-left: 0;\n\t\t\t}\n\t\t\t\/* see gallery_shortcode() in wp-includes\/media.php *\/\n\t\t<\/style>\n\t\t<div id='gallery-1' class='gallery galleryid-2243 gallery-columns-4 gallery-size-thumbnail'><dl class='gallery-item'>\n\t\t\t<dt class='gallery-icon landscape'>\n\t\t\t\t<a class=\"grouped_elements\" rel=\"tc-fancybox-group\" href=\"https:\/\/ee.mlfmonde.org\/bata-sogea\/wp-content\/uploads\/sites\/16\/2019\/01\/1.jpg\" title=\"dav\"><img decoding=\"async\" width=\"150\" height=\"150\" src=\"https:\/\/ee.mlfmonde.org\/bata-sogea\/wp-content\/uploads\/sites\/16\/2019\/01\/1-150x150.jpg\" class=\"attachment-thumbnail size-thumbnail\" alt=\"\" \/><\/a>\n\t\t\t<\/dt><\/dl><dl class='gallery-item'>\n\t\t\t<dt class='gallery-icon portrait'>\n\t\t\t\t<a class=\"grouped_elements\" rel=\"tc-fancybox-group\" href=\"https:\/\/ee.mlfmonde.org\/bata-sogea\/wp-content\/uploads\/sites\/16\/2019\/01\/2.jpg\" title=\"2\"><img decoding=\"async\" width=\"150\" height=\"150\" src=\"https:\/\/ee.mlfmonde.org\/bata-sogea\/wp-content\/uploads\/sites\/16\/2019\/01\/2-150x150.jpg\" class=\"attachment-thumbnail size-thumbnail\" alt=\"\" srcset=\"https:\/\/ee.mlfmonde.org\/bata-sogea\/wp-content\/uploads\/sites\/16\/2019\/01\/2-150x150.jpg 150w, https:\/\/ee.mlfmonde.org\/bata-sogea\/wp-content\/uploads\/sites\/16\/2019\/01\/2-350x350.jpg 350w\" sizes=\"(max-width: 150px) 100vw, 150px\" \/><\/a>\n\t\t\t<\/dt><\/dl><dl class='gallery-item'>\n\t\t\t<dt class='gallery-icon landscape'>\n\t\t\t\t<a class=\"grouped_elements\" rel=\"tc-fancybox-group\" href=\"https:\/\/ee.mlfmonde.org\/bata-sogea\/wp-content\/uploads\/sites\/16\/2019\/01\/3.jpg\" title=\"3\"><img loading=\"lazy\" decoding=\"async\" width=\"150\" height=\"150\" src=\"https:\/\/ee.mlfmonde.org\/bata-sogea\/wp-content\/uploads\/sites\/16\/2019\/01\/3-150x150.jpg\" class=\"attachment-thumbnail size-thumbnail\" alt=\"\" \/><\/a>\n\t\t\t<\/dt><\/dl><dl class='gallery-item'>\n\t\t\t<dt class='gallery-icon portrait'>\n\t\t\t\t<a class=\"grouped_elements\" rel=\"tc-fancybox-group\" href=\"https:\/\/ee.mlfmonde.org\/bata-sogea\/wp-content\/uploads\/sites\/16\/2019\/01\/6.jpg\" title=\"6\"><img loading=\"lazy\" decoding=\"async\" width=\"150\" height=\"150\" src=\"https:\/\/ee.mlfmonde.org\/bata-sogea\/wp-content\/uploads\/sites\/16\/2019\/01\/6-150x150.jpg\" class=\"attachment-thumbnail size-thumbnail\" alt=\"\" \/><\/a>\n\t\t\t<\/dt><\/dl><br style=\"clear: both\" \/><dl class='gallery-item'>\n\t\t\t<dt class='gallery-icon landscape'>\n\t\t\t\t<a class=\"grouped_elements\" rel=\"tc-fancybox-group\" href=\"https:\/\/ee.mlfmonde.org\/bata-sogea\/wp-content\/uploads\/sites\/16\/2019\/01\/7.jpg\" title=\"7\"><img loading=\"lazy\" decoding=\"async\" width=\"150\" height=\"150\" src=\"https:\/\/ee.mlfmonde.org\/bata-sogea\/wp-content\/uploads\/sites\/16\/2019\/01\/7-150x150.jpg\" class=\"attachment-thumbnail size-thumbnail\" alt=\"\" \/><\/a>\n\t\t\t<\/dt><\/dl><dl class='gallery-item'>\n\t\t\t<dt class='gallery-icon portrait'>\n\t\t\t\t<a class=\"grouped_elements\" rel=\"tc-fancybox-group\" href=\"https:\/\/ee.mlfmonde.org\/bata-sogea\/wp-content\/uploads\/sites\/16\/2019\/01\/5.jpg\" title=\"5\"><img loading=\"lazy\" decoding=\"async\" width=\"150\" height=\"150\" src=\"https:\/\/ee.mlfmonde.org\/bata-sogea\/wp-content\/uploads\/sites\/16\/2019\/01\/5-150x150.jpg\" class=\"attachment-thumbnail size-thumbnail\" alt=\"\" \/><\/a>\n\t\t\t<\/dt><\/dl><dl class='gallery-item'>\n\t\t\t<dt class='gallery-icon landscape'>\n\t\t\t\t<a class=\"grouped_elements\" rel=\"tc-fancybox-group\" href=\"https:\/\/ee.mlfmonde.org\/bata-sogea\/wp-content\/uploads\/sites\/16\/2019\/01\/4.jpg\" title=\"4\"><img loading=\"lazy\" decoding=\"async\" width=\"150\" height=\"150\" src=\"https:\/\/ee.mlfmonde.org\/bata-sogea\/wp-content\/uploads\/sites\/16\/2019\/01\/4-150x150.jpg\" class=\"attachment-thumbnail size-thumbnail\" alt=\"\" \/><\/a>\n\t\t\t<\/dt><\/dl><dl class='gallery-item'>\n\t\t\t<dt class='gallery-icon landscape'>\n\t\t\t\t<a class=\"grouped_elements\" rel=\"tc-fancybox-group\" href=\"https:\/\/ee.mlfmonde.org\/bata-sogea\/wp-content\/uploads\/sites\/16\/2019\/01\/8.jpg\" title=\"8\"><img loading=\"lazy\" decoding=\"async\" width=\"150\" height=\"150\" src=\"https:\/\/ee.mlfmonde.org\/bata-sogea\/wp-content\/uploads\/sites\/16\/2019\/01\/8-150x150.jpg\" class=\"attachment-thumbnail size-thumbnail\" alt=\"\" \/><\/a>\n\t\t\t<\/dt>\n\t\t\t\t<dd class='wp-caption-text gallery-caption' id='gallery-1-2256'>\n\t\t\t\tLa reine a choisi son roi\n\t\t\t\t<\/dd><\/dl><br style=\"clear: both\" \/>\n\t\t<\/div>\n\n<p>&nbsp;<\/p>\n","protected":false},"excerpt":{"rendered":"<p>En ce mois de janvier, les \u00e9l\u00e8ves de la classe de GS\/CP ont tir\u00e9 les rois et d\u00e9couvert ou red\u00e9couvert la traditionnelle galette des rois \u00e0 la cr\u00e8me d\u2019amandes. Joli moment de convivialit\u00e9 racont\u00e9 en dict\u00e9e \u00e0 l\u2019adulte par les \u00e9l\u00e8ves de GS, et \u00e0 l\u2019\u00e9crit pour les \u00e9l\u00e8ves de CP. Jeudi 10 janvier 2019, [&hellip;]<\/p>\n","protected":false},"author":115,"featured_media":0,"parent":0,"menu_order":0,"comment_status":"closed","ping_status":"closed","template":"","meta":{"_acf_changed":false,"footnotes":""},"class_list":["post-2243","page","type-page","status-publish","czr-hentry"],"acf":[],"_links":{"self":[{"href":"https:\/\/ee.mlfmonde.org\/bata-sogea\/wp-json\/wp\/v2\/pages\/2243","targetHints":{"allow":["GET"]}}],"collection":[{"href":"https:\/\/ee.mlfmonde.org\/bata-sogea\/wp-json\/wp\/v2\/pages"}],"about":[{"href":"https:\/\/ee.mlfmonde.org\/bata-sogea\/wp-json\/wp\/v2\/types\/page"}],"author":[{"embeddable":true,"href":"https:\/\/ee.mlfmonde.org\/bata-sogea\/wp-json\/wp\/v2\/users\/115"}],"replies":[{"embeddable":true,"href":"https:\/\/ee.mlfmonde.org\/bata-sogea\/wp-json\/wp\/v2\/comments?post=2243"}],"version-history":[{"count":9,"href":"https:\/\/ee.mlfmonde.org\/bata-sogea\/wp-json\/wp\/v2\/pages\/2243\/revisions"}],"predecessor-version":[{"id":2265,"href":"https:\/\/ee.mlfmonde.org\/bata-sogea\/wp-json\/wp\/v2\/pages\/2243\/revisions\/2265"}],"wp:attachment":[{"href":"https:\/\/ee.mlfmonde.org\/bata-sogea\/wp-json\/wp\/v2\/media?parent=2243"}],"curies":[{"name":"wp","href":"https:\/\/api.w.org\/{rel}","templated":true}]}}