{"id":1809,"date":"2018-10-19T09:53:11","date_gmt":"2018-10-19T09:53:11","guid":{"rendered":"http:\/\/ee.mlfmonde.org\/bata-sogea\/?page_id=1809"},"modified":"2018-10-23T09:43:23","modified_gmt":"2018-10-23T09:43:23","slug":"comptines-poesies-des-gs-cp","status":"publish","type":"page","link":"https:\/\/ee.mlfmonde.org\/bata-sogea\/comptines-poesies-des-gs-cp\/","title":{"rendered":"Po\u00e9sies et Comptines des GS-CP"},"content":{"rendered":"<div>Les \u00e9l\u00e8ves de la classe de GS\/CP partagent avec vous quelques po\u00e9sies et comptines apprises en classe.<\/div>\n<div><\/div>\n<div>\n<p>Bravo \u00e0 Pierre pour <strong><em>L&rsquo;automne au coin du bois<\/em><\/strong><em>,<\/em> \u00e0 Jad pour <strong><em>Un\u00a0chat et un chameau<\/em><\/strong>, et aux \u00e9l\u00e8ves de CP qui ont r\u00e9cit\u00e9 la po\u00e9sie <em><strong>La semaine en couleurs<\/strong>.<\/em><\/p>\n<p>&nbsp;<\/p>\n<\/div>\n<div>\n<!--[if lt IE 9]><script>document.createElement('audio');<\/script><![endif]-->\n<audio class=\"wp-audio-shortcode\" id=\"audio-1809-1\" preload=\"none\" style=\"width: 100%;\" controls=\"controls\"><source type=\"audio\/mpeg\" src=\"http:\/\/ee.mlfmonde.org\/bata-sogea\/wp-content\/uploads\/sites\/16\/2018\/10\/Lautomne-au-coin-du-bois.mp3?_=1\" \/><a href=\"http:\/\/ee.mlfmonde.org\/bata-sogea\/wp-content\/uploads\/sites\/16\/2018\/10\/Lautomne-au-coin-du-bois.mp3\">http:\/\/ee.mlfmonde.org\/bata-sogea\/wp-content\/uploads\/sites\/16\/2018\/10\/Lautomne-au-coin-du-bois.mp3<\/a><\/audio>\n<p>&nbsp;<\/p>\n<audio class=\"wp-audio-shortcode\" id=\"audio-1809-2\" preload=\"none\" style=\"width: 100%;\" controls=\"controls\"><source type=\"audio\/mpeg\" src=\"http:\/\/ee.mlfmonde.org\/bata-sogea\/wp-content\/uploads\/sites\/16\/2018\/10\/Un-chat-et-un-chameau.mp3?_=2\" \/><a href=\"http:\/\/ee.mlfmonde.org\/bata-sogea\/wp-content\/uploads\/sites\/16\/2018\/10\/Un-chat-et-un-chameau.mp3\">http:\/\/ee.mlfmonde.org\/bata-sogea\/wp-content\/uploads\/sites\/16\/2018\/10\/Un-chat-et-un-chameau.mp3<\/a><\/audio>\n<\/div>\n<div><span style=\"color: #000000\"><em><strong><br \/>\nL&rsquo;automne au coin du bois\u00a0 \u00a0 \u00a0 \u00a0 \u00a0 \u00a0 \u00a0 \u00a0 \u00a0 \u00a0 \u00a0Un chat et un chameau\u00a0 \u00a0 \u00a0 \u00a0 \u00a0 \u00a0 \u00a0 \u00a0 \u00a0 \u00a0 \u00a0 \u00a0 \u00a0 \u00a0 \u00a0<\/strong><\/em><em><strong>\u00a0 <img fetchpriority=\"high\" decoding=\"async\" class=\"alignleft wp-image-1842 size-full\" src=\"http:\/\/ee.mlfmonde.org\/bata-sogea\/wp-content\/uploads\/sites\/16\/2018\/10\/po\u00e9sie-P-J.jpg\" alt=\"\" width=\"340\" height=\"289\" srcset=\"https:\/\/ee.mlfmonde.org\/bata-sogea\/wp-content\/uploads\/sites\/16\/2018\/10\/po\u00e9sie-P-J.jpg 340w, https:\/\/ee.mlfmonde.org\/bata-sogea\/wp-content\/uploads\/sites\/16\/2018\/10\/po\u00e9sie-P-J-300x255.jpg 300w\" sizes=\"(max-width: 340px) 100vw, 340px\" \/><\/strong><\/em><\/span><\/div>\n<p><span style=\"color: #000000\"><em>\u00a0L\u2019automne au coin du bois,\u00a0 \u00a0 \u00a0 \u00a0 \u00a0 \u00a0 \u00a0 \u00a0 \u00a0 \u00a0 Un chat et un chameau<br \/>\n<\/em><em>\u00a0Joue de l\u2019harmonica.\u00a0 \u00a0 \u00a0 \u00a0 \u00a0 \u00a0 \u00a0 \u00a0 \u00a0 \u00a0 \u00a0 \u00a0 \u00a0 \u00a0 \u00a0 \u00a0Qui portent un chapeau<br \/>\nQuelle joie chez les feuilles !\u00a0 \u00a0 \u00a0 \u00a0 \u00a0 \u00a0 \u00a0 \u00a0 \u00a0 C&rsquo;est rigolo !<br \/>\nElles valsent au bras\u00a0 \u00a0 \u00a0 \u00a0 \u00a0 \u00a0 \u00a0 \u00a0 \u00a0 \u00a0 \u00a0 \u00a0 \u00a0 \u00a0 \u00a0 \u00a0 Un loup et un hibou<br \/>\nDu vent qui les emporte.\u00a0 \u00a0 \u00a0 \u00a0 \u00a0 \u00a0 \u00a0 \u00a0 \u00a0 \u00a0 \u00a0 \u00a0 Qui vous donnent un sou<br \/>\nOn dit qu\u2019elles sont mortes,\u00a0 \u00a0 \u00a0 \u00a0 \u00a0 \u00a0 \u00a0 \u00a0 \u00a0 \u00a0C&rsquo;est fou, c&rsquo;est fou !<br \/>\nMais personne n\u2019y croit.\u00a0 \u00a0 \u00a0 \u00a0 \u00a0 \u00a0 \u00a0 \u00a0 \u00a0 \u00a0 \u00a0 \u00a0 \u00a0Un tout petit chaton<br \/>\nL\u2019automne au coin du bois,\u00a0 \u00a0 \u00a0 \u00a0 \u00a0 \u00a0 \u00a0 \u00a0 \u00a0 \u00a0 Qui mange du savon<br \/>\nJoue de l\u2019harmonica.\u00a0 \u00a0 \u00a0 \u00a0 \u00a0 \u00a0 \u00a0 \u00a0 \u00a0 \u00a0 \u00a0 \u00a0 \u00a0 \u00a0 \u00a0 \u00a0C&rsquo;est bon, bon, bon !<\/em><\/span><br \/>\n<span style=\"color: #000000\">\u00a0<\/span><br \/>\n<span style=\"color: #000000\"><strong><em>Maurice Car\u00eame<\/em><\/strong><\/span><\/p>\n<audio class=\"wp-audio-shortcode\" id=\"audio-1809-3\" preload=\"none\" style=\"width: 100%;\" controls=\"controls\"><source type=\"audio\/mpeg\" src=\"http:\/\/ee.mlfmonde.org\/bata-sogea\/wp-content\/uploads\/sites\/16\/2018\/10\/La-semaine-en-couleurs.mp3?_=3\" \/><a href=\"http:\/\/ee.mlfmonde.org\/bata-sogea\/wp-content\/uploads\/sites\/16\/2018\/10\/La-semaine-en-couleurs.mp3\">http:\/\/ee.mlfmonde.org\/bata-sogea\/wp-content\/uploads\/sites\/16\/2018\/10\/La-semaine-en-couleurs.mp3<\/a><\/audio>\n<p><span style=\"color: #ff6600\"><strong><em><img decoding=\"async\" class=\"alignleft wp-image-1847 size-full\" src=\"http:\/\/ee.mlfmonde.org\/bata-sogea\/wp-content\/uploads\/sites\/16\/2018\/10\/poesie-cp.jpg\" alt=\"\" width=\"425\" height=\"250\" srcset=\"https:\/\/ee.mlfmonde.org\/bata-sogea\/wp-content\/uploads\/sites\/16\/2018\/10\/poesie-cp.jpg 425w, https:\/\/ee.mlfmonde.org\/bata-sogea\/wp-content\/uploads\/sites\/16\/2018\/10\/poesie-cp-300x176.jpg 300w\" sizes=\"(max-width: 425px) 100vw, 425px\" \/><img decoding=\"async\" class=\"alignnone wp-image-1853 size-full\" src=\"http:\/\/ee.mlfmonde.org\/bata-sogea\/wp-content\/uploads\/sites\/16\/2018\/10\/La-semaine-en-couleurs.jpg\" alt=\"\" width=\"330\" height=\"268\" srcset=\"https:\/\/ee.mlfmonde.org\/bata-sogea\/wp-content\/uploads\/sites\/16\/2018\/10\/La-semaine-en-couleurs.jpg 330w, https:\/\/ee.mlfmonde.org\/bata-sogea\/wp-content\/uploads\/sites\/16\/2018\/10\/La-semaine-en-couleurs-300x244.jpg 300w\" sizes=\"(max-width: 330px) 100vw, 330px\" \/>\u00a0<\/em><\/strong><\/span><\/p>\n","protected":false},"excerpt":{"rendered":"<p>Les \u00e9l\u00e8ves de la classe de GS\/CP partagent avec vous quelques po\u00e9sies et comptines apprises en classe. Bravo \u00e0 Pierre pour L&rsquo;automne au coin du bois, \u00e0 Jad pour Un\u00a0chat et un chameau, et aux \u00e9l\u00e8ves de CP qui ont r\u00e9cit\u00e9 la po\u00e9sie La semaine en couleurs. &nbsp; &nbsp; L&rsquo;automne au coin du bois\u00a0 \u00a0 [&hellip;]<\/p>\n","protected":false},"author":115,"featured_media":0,"parent":0,"menu_order":0,"comment_status":"closed","ping_status":"closed","template":"","meta":{"_acf_changed":false,"footnotes":""},"class_list":["post-1809","page","type-page","status-publish","czr-hentry"],"acf":[],"_links":{"self":[{"href":"https:\/\/ee.mlfmonde.org\/bata-sogea\/wp-json\/wp\/v2\/pages\/1809","targetHints":{"allow":["GET"]}}],"collection":[{"href":"https:\/\/ee.mlfmonde.org\/bata-sogea\/wp-json\/wp\/v2\/pages"}],"about":[{"href":"https:\/\/ee.mlfmonde.org\/bata-sogea\/wp-json\/wp\/v2\/types\/page"}],"author":[{"embeddable":true,"href":"https:\/\/ee.mlfmonde.org\/bata-sogea\/wp-json\/wp\/v2\/users\/115"}],"replies":[{"embeddable":true,"href":"https:\/\/ee.mlfmonde.org\/bata-sogea\/wp-json\/wp\/v2\/comments?post=1809"}],"version-history":[{"count":18,"href":"https:\/\/ee.mlfmonde.org\/bata-sogea\/wp-json\/wp\/v2\/pages\/1809\/revisions"}],"predecessor-version":[{"id":1862,"href":"https:\/\/ee.mlfmonde.org\/bata-sogea\/wp-json\/wp\/v2\/pages\/1809\/revisions\/1862"}],"wp:attachment":[{"href":"https:\/\/ee.mlfmonde.org\/bata-sogea\/wp-json\/wp\/v2\/media?parent=1809"}],"curies":[{"name":"wp","href":"https:\/\/api.w.org\/{rel}","templated":true}]}}