{"id":1019,"date":"2021-01-18T11:38:30","date_gmt":"2021-01-18T06:38:30","guid":{"rendered":"http:\/\/ee.mlfmonde.org\/ashgabat-bouygues\/?page_id=1019"},"modified":"2025-07-13T13:20:21","modified_gmt":"2025-07-13T08:20:21","slug":"equipe-pedagogique","status":"publish","type":"page","link":"https:\/\/ee.mlfmonde.org\/ashgabat-bouygues\/equipe-pedagogique\/","title":{"rendered":"\u00c9quipe p\u00e9dagogique"},"content":{"rendered":"\n<figure class=\"wp-block-table\"><table class=\"has-fixed-layout\"><tbody><tr><td> <strong>Chef d&rsquo;\u00e9tablissement                                              M. Mohamed CHOUIKHA<\/strong> <\/td><\/tr><\/tbody><\/table><\/figure>\n\n\n\n<figure class=\"wp-block-table\"><table class=\"has-fixed-layout\"><tbody><tr><td> Assistante de\u00a0 direction <br> Enseignante<br> Assistante maternelle<\/td><td> Mme Jennet HUMMIYEVA<\/td><td><br> Anglais&nbsp;en \u00e9l\u00e9mentaire et secondaire<br> PS-MS-GS<\/td><\/tr><tr><td> Enseignante<\/td><td> Mme Rita FARES<\/td><td> PS-MS-GS<\/td><\/tr><tr><td> Enseignante <br> Intervenante<br> Assistante maternelle<\/td><td> Mme Ayna SHIROVA<\/td><td> Musique &#8211; Arts plastiques : coll\u00e8ge<br> Chorale : \u00e9l\u00e9mentaire &#8211; coll\u00e8ge<br> PS-MS-GS<\/td><\/tr><tr><td> Enseignante<\/td><td> Mme Solenne HORELLOU<\/td><td> CP-CE1 + LV2 espagnol : coll\u00e8ge<\/td><\/tr><tr><td> Enseignant<\/td><td> M. S\u00e9bastien SPAETH<\/td><td> CE2-CM1-CM2 + EPS : coll\u00e8ge &#8211; lyc\u00e9e<\/td><\/tr><tr><td> Enseignante <\/td><td> Mme Fanny DRUART<\/td><td> P\u00f4le lettres, philosophie : coll\u00e8ge &#8211; lyc\u00e9e<\/td><\/tr><tr><td> Enseignant <\/td><td> M. Valentin BRAUD<\/td><td> P\u00f4le sciences humaines : coll\u00e8ge &#8211; lyc\u00e9e<br> LV2 espagnol : lyc\u00e9e<\/td><\/tr><tr><td> Enseignant<\/td><td> M. Tarik HAOULI<\/td><td> P\u00f4le math\/sciences : coll\u00e8ge + SVT lyc\u00e9e<\/td><\/tr><tr><td> Enseignant<\/td><td> M. Paul SALET<\/td><td> P\u00f4le math\/sciences : lyc\u00e9e<\/td><\/tr><tr><td> Enseignante<\/td><td> Mme Gelen FATALYEVA<\/td><td> LV russe \u00e9l\u00e9mentaire &#8211; coll\u00e8ge &#8211; lyc\u00e9e<\/td><\/tr><\/tbody><\/table><\/figure>\n","protected":false},"excerpt":{"rendered":"<p>Chef d&rsquo;\u00e9tablissement M. Mohamed CHOUIKHA Assistante de\u00a0 direction Enseignante Assistante maternelle Mme Jennet HUMMIYEVA Anglais&nbsp;en \u00e9l\u00e9mentaire et secondaire PS-MS-GS Enseignante Mme Rita FARES PS-MS-GS Enseignante Intervenante Assistante maternelle Mme Ayna SHIROVA Musique &#8211; Arts plastiques : coll\u00e8ge Chorale : \u00e9l\u00e9mentaire &#8211; coll\u00e8ge PS-MS-GS Enseignante Mme Solenne HORELLOU CP-CE1 + LV2 espagnol : coll\u00e8ge Enseignant M. [&hellip;]<\/p>\n","protected":false},"author":106,"featured_media":0,"parent":0,"menu_order":0,"comment_status":"closed","ping_status":"closed","template":"","meta":{"_acf_changed":false,"footnotes":""},"class_list":["post-1019","page","type-page","status-publish","czr-hentry"],"acf":[],"_links":{"self":[{"href":"https:\/\/ee.mlfmonde.org\/ashgabat-bouygues\/wp-json\/wp\/v2\/pages\/1019","targetHints":{"allow":["GET"]}}],"collection":[{"href":"https:\/\/ee.mlfmonde.org\/ashgabat-bouygues\/wp-json\/wp\/v2\/pages"}],"about":[{"href":"https:\/\/ee.mlfmonde.org\/ashgabat-bouygues\/wp-json\/wp\/v2\/types\/page"}],"author":[{"embeddable":true,"href":"https:\/\/ee.mlfmonde.org\/ashgabat-bouygues\/wp-json\/wp\/v2\/users\/106"}],"replies":[{"embeddable":true,"href":"https:\/\/ee.mlfmonde.org\/ashgabat-bouygues\/wp-json\/wp\/v2\/comments?post=1019"}],"version-history":[{"count":28,"href":"https:\/\/ee.mlfmonde.org\/ashgabat-bouygues\/wp-json\/wp\/v2\/pages\/1019\/revisions"}],"predecessor-version":[{"id":5456,"href":"https:\/\/ee.mlfmonde.org\/ashgabat-bouygues\/wp-json\/wp\/v2\/pages\/1019\/revisions\/5456"}],"wp:attachment":[{"href":"https:\/\/ee.mlfmonde.org\/ashgabat-bouygues\/wp-json\/wp\/v2\/media?parent=1019"}],"curies":[{"name":"wp","href":"https:\/\/api.w.org\/{rel}","templated":true}]}}