{"id":78,"date":"2015-10-28T17:29:01","date_gmt":"2015-10-28T17:29:01","guid":{"rendered":"http:\/\/ee.mlfmonde.org\/aberdeen-total\/?page_id=78"},"modified":"2025-08-06T15:55:10","modified_gmt":"2025-08-06T14:55:10","slug":"lequipe-enseignante","status":"publish","type":"page","link":"https:\/\/ee.mlfmonde.org\/aberdeen-total\/lequipe-enseignante\/","title":{"rendered":"L&rsquo;\u00e9quipe enseignante"},"content":{"rendered":"<p>L&rsquo;\u00e9quipe p\u00e9dagogique 2025-2026<\/p>\n<p><img fetchpriority=\"high\" decoding=\"async\" class=\"alignnone size-full wp-image-7322\" src=\"http:\/\/ee.mlfmonde.org\/aberdeen-total\/wp-content\/uploads\/sites\/8\/2025\/08\/Mme-Quenneville-Le-Toulouzan-Pascale-Ensei.png\" alt=\"\" width=\"1748\" height=\"1240\" srcset=\"https:\/\/ee.mlfmonde.org\/aberdeen-total\/wp-content\/uploads\/sites\/8\/2025\/08\/Mme-Quenneville-Le-Toulouzan-Pascale-Ensei.png 1748w, https:\/\/ee.mlfmonde.org\/aberdeen-total\/wp-content\/uploads\/sites\/8\/2025\/08\/Mme-Quenneville-Le-Toulouzan-Pascale-Ensei-300x213.png 300w, https:\/\/ee.mlfmonde.org\/aberdeen-total\/wp-content\/uploads\/sites\/8\/2025\/08\/Mme-Quenneville-Le-Toulouzan-Pascale-Ensei-1024x726.png 1024w, https:\/\/ee.mlfmonde.org\/aberdeen-total\/wp-content\/uploads\/sites\/8\/2025\/08\/Mme-Quenneville-Le-Toulouzan-Pascale-Ensei-768x545.png 768w, https:\/\/ee.mlfmonde.org\/aberdeen-total\/wp-content\/uploads\/sites\/8\/2025\/08\/Mme-Quenneville-Le-Toulouzan-Pascale-Ensei-1536x1090.png 1536w, https:\/\/ee.mlfmonde.org\/aberdeen-total\/wp-content\/uploads\/sites\/8\/2025\/08\/Mme-Quenneville-Le-Toulouzan-Pascale-Ensei-570x404.png 570w\" sizes=\"(max-width: 1748px) 100vw, 1748px\" \/><\/p>\n","protected":false},"excerpt":{"rendered":"<p>L&rsquo;\u00e9quipe p\u00e9dagogique 2025-2026<\/p>\n","protected":false},"author":36,"featured_media":7329,"parent":0,"menu_order":0,"comment_status":"closed","ping_status":"closed","template":"","meta":{"_acf_changed":false,"footnotes":""},"class_list":["post-78","page","type-page","status-publish","has-post-thumbnail","czr-hentry"],"acf":[],"_links":{"self":[{"href":"https:\/\/ee.mlfmonde.org\/aberdeen-total\/wp-json\/wp\/v2\/pages\/78","targetHints":{"allow":["GET"]}}],"collection":[{"href":"https:\/\/ee.mlfmonde.org\/aberdeen-total\/wp-json\/wp\/v2\/pages"}],"about":[{"href":"https:\/\/ee.mlfmonde.org\/aberdeen-total\/wp-json\/wp\/v2\/types\/page"}],"author":[{"embeddable":true,"href":"https:\/\/ee.mlfmonde.org\/aberdeen-total\/wp-json\/wp\/v2\/users\/36"}],"replies":[{"embeddable":true,"href":"https:\/\/ee.mlfmonde.org\/aberdeen-total\/wp-json\/wp\/v2\/comments?post=78"}],"version-history":[{"count":15,"href":"https:\/\/ee.mlfmonde.org\/aberdeen-total\/wp-json\/wp\/v2\/pages\/78\/revisions"}],"predecessor-version":[{"id":7326,"href":"https:\/\/ee.mlfmonde.org\/aberdeen-total\/wp-json\/wp\/v2\/pages\/78\/revisions\/7326"}],"wp:featuredmedia":[{"embeddable":true,"href":"https:\/\/ee.mlfmonde.org\/aberdeen-total\/wp-json\/wp\/v2\/media\/7329"}],"wp:attachment":[{"href":"https:\/\/ee.mlfmonde.org\/aberdeen-total\/wp-json\/wp\/v2\/media?parent=78"}],"curies":[{"name":"wp","href":"https:\/\/api.w.org\/{rel}","templated":true}]}}